{"id":1022,"date":"2023-05-13T22:43:48","date_gmt":"2023-05-13T22:43:48","guid":{"rendered":"https:\/\/solucionsolar.cl\/solar\/producto\/equipo-emergencia-led-2x1-5w-ip20-con-manilla-lexo\/"},"modified":"2023-05-13T22:43:48","modified_gmt":"2023-05-13T22:43:48","slug":"equipo-emergencia-led-2x1-5w-ip20-con-manilla-lexo","status":"publish","type":"product","link":"https:\/\/solucionsolar.cl\/solar\/producto\/equipo-emergencia-led-2x1-5w-ip20-con-manilla-lexo\/","title":{"rendered":"Equipo Emergencia LED 2&#215;1.5W IP20 con manilla LEXO"},"content":{"rendered":"<p>El equipo de emergencia LED 2&#215;1.5W IP20 con manilla LEXO es un dispositivo de seguridad esencial para cualquier edificio o espacio p\u00fablico. Dise\u00f1ado para proporcionar iluminaci\u00f3n de emergencia en caso de fallo de suministro el\u00e9ctrico, el equipo de emergencia LED tiene una potencia total de 3W y est\u00e1 protegido por una carcasa IP20 que lo hace adecuado para uso en interiores. El equipo de emergencia LED cuenta con una manilla de f\u00e1cil acceso para su activaci\u00f3n manual y es altamente eficiente energ\u00e9ticamente, lo que significa que puede durar varias horas durante un apag\u00f3n.<\/p>\n","protected":false},"excerpt":{"rendered":"<p>El equipo de emergencia LED 2&#215;1.5W IP20 con manilla LEXO es un dispositivo de seguridad esencial para cualquier edificio o espacio p\u00fablico. Dise\u00f1ado para proporcionar iluminaci\u00f3n de emergencia en caso de fallo de suministro el\u00e9ctrico, el equipo de emergencia LED tiene una potencia total de 3W y est\u00e1 protegido por una carcasa IP20 que lo hace adecuado para uso en [&hellip;]<\/p>\n","protected":false},"featured_media":1021,"comment_status":"open","ping_status":"closed","template":"","meta":{"_joinchat":[]},"product_brand":[],"product_cat":[44],"product_tag":[],"class_list":{"0":"post-1022","1":"product","2":"type-product","3":"status-publish","4":"has-post-thumbnail","6":"product_cat-iluminacion","8":"first","9":"instock","10":"shipping-taxable","11":"purchasable","12":"product-type-simple"},"ams_default_variation_id":0,"ams_product_points_reward":[],"ams_product_discount_percentage":0,"ams_price_to_display":17000,"ams_acf":[],"jetpack_sharing_enabled":true,"_links":{"self":[{"href":"https:\/\/solucionsolar.cl\/solar\/wp-json\/wp\/v2\/product\/1022","targetHints":{"allow":["GET"]}}],"collection":[{"href":"https:\/\/solucionsolar.cl\/solar\/wp-json\/wp\/v2\/product"}],"about":[{"href":"https:\/\/solucionsolar.cl\/solar\/wp-json\/wp\/v2\/types\/product"}],"replies":[{"embeddable":true,"href":"https:\/\/solucionsolar.cl\/solar\/wp-json\/wp\/v2\/comments?post=1022"}],"wp:featuredmedia":[{"embeddable":true,"href":"https:\/\/solucionsolar.cl\/solar\/wp-json\/wp\/v2\/media\/1021"}],"wp:attachment":[{"href":"https:\/\/solucionsolar.cl\/solar\/wp-json\/wp\/v2\/media?parent=1022"}],"wp:term":[{"taxonomy":"product_brand","embeddable":true,"href":"https:\/\/solucionsolar.cl\/solar\/wp-json\/wp\/v2\/product_brand?post=1022"},{"taxonomy":"product_cat","embeddable":true,"href":"https:\/\/solucionsolar.cl\/solar\/wp-json\/wp\/v2\/product_cat?post=1022"},{"taxonomy":"product_tag","embeddable":true,"href":"https:\/\/solucionsolar.cl\/solar\/wp-json\/wp\/v2\/product_tag?post=1022"}],"curies":[{"name":"wp","href":"https:\/\/api.w.org\/{rel}","templated":true}]}}