{"id":1046,"date":"2023-05-13T22:44:23","date_gmt":"2023-05-13T22:44:23","guid":{"rendered":"https:\/\/solucionsolar.cl\/solar\/producto\/barra-tetrapolar-11-polos-125a-lexo\/"},"modified":"2023-05-13T22:44:23","modified_gmt":"2023-05-13T22:44:23","slug":"barra-tetrapolar-11-polos-125a-lexo","status":"publish","type":"product","link":"https:\/\/solucionsolar.cl\/solar\/producto\/barra-tetrapolar-11-polos-125a-lexo\/","title":{"rendered":"Barra tetrapolar 11 Polos 125A LEXO"},"content":{"rendered":"<p>La barra tetrapolar 11 polos 125A LEXO es un dispositivo el\u00e9ctrico dise\u00f1ado para conectar y distribuir energ\u00eda el\u00e9ctrica de forma segura y eficiente en instalaciones industriales y comerciales de alta potencia. Est\u00e1 compuesta por cuatro barras conductoras de cobre de alta calidad y resistencia, cada una de las cuales puede soportar hasta 125 amperios de corriente el\u00e9ctrica.<\/p>\n","protected":false},"excerpt":{"rendered":"<p>La barra tetrapolar 11 polos 125A LEXO es un dispositivo el\u00e9ctrico dise\u00f1ado para conectar y distribuir energ\u00eda el\u00e9ctrica de forma segura y eficiente en instalaciones industriales y comerciales de alta potencia. Est\u00e1 compuesta por cuatro barras conductoras de cobre de alta calidad y resistencia, cada una de las cuales puede soportar hasta 125 amperios de corriente el\u00e9ctrica.<\/p>\n","protected":false},"featured_media":1045,"comment_status":"open","ping_status":"closed","template":"","meta":{"_joinchat":[]},"product_brand":[],"product_cat":[16],"product_tag":[],"class_list":{"0":"post-1046","1":"product","2":"type-product","3":"status-publish","4":"has-post-thumbnail","6":"product_cat-electricidad","8":"first","9":"instock","10":"shipping-taxable","11":"purchasable","12":"product-type-simple"},"ams_default_variation_id":0,"ams_product_points_reward":[],"ams_product_discount_percentage":0,"ams_price_to_display":12900,"ams_acf":[],"jetpack_sharing_enabled":true,"_links":{"self":[{"href":"https:\/\/solucionsolar.cl\/solar\/wp-json\/wp\/v2\/product\/1046","targetHints":{"allow":["GET"]}}],"collection":[{"href":"https:\/\/solucionsolar.cl\/solar\/wp-json\/wp\/v2\/product"}],"about":[{"href":"https:\/\/solucionsolar.cl\/solar\/wp-json\/wp\/v2\/types\/product"}],"replies":[{"embeddable":true,"href":"https:\/\/solucionsolar.cl\/solar\/wp-json\/wp\/v2\/comments?post=1046"}],"wp:featuredmedia":[{"embeddable":true,"href":"https:\/\/solucionsolar.cl\/solar\/wp-json\/wp\/v2\/media\/1045"}],"wp:attachment":[{"href":"https:\/\/solucionsolar.cl\/solar\/wp-json\/wp\/v2\/media?parent=1046"}],"wp:term":[{"taxonomy":"product_brand","embeddable":true,"href":"https:\/\/solucionsolar.cl\/solar\/wp-json\/wp\/v2\/product_brand?post=1046"},{"taxonomy":"product_cat","embeddable":true,"href":"https:\/\/solucionsolar.cl\/solar\/wp-json\/wp\/v2\/product_cat?post=1046"},{"taxonomy":"product_tag","embeddable":true,"href":"https:\/\/solucionsolar.cl\/solar\/wp-json\/wp\/v2\/product_tag?post=1046"}],"curies":[{"name":"wp","href":"https:\/\/api.w.org\/{rel}","templated":true}]}}