{"id":1080,"date":"2023-05-13T22:45:22","date_gmt":"2023-05-13T22:45:22","guid":{"rendered":"https:\/\/solucionsolar.cl\/solar\/producto\/ampolleta-led-11w-emergencia-e-27-wellmax\/"},"modified":"2023-05-13T22:45:22","modified_gmt":"2023-05-13T22:45:22","slug":"ampolleta-led-11w-emergencia-e-27-wellmax","status":"publish","type":"product","link":"https:\/\/solucionsolar.cl\/solar\/producto\/ampolleta-led-11w-emergencia-e-27-wellmax\/","title":{"rendered":"Ampolleta LED 11W emergencia E-27 WELLMAX"},"content":{"rendered":"<p>La Ampolleta LED de 11W emergencia E-27 WELLMAX es una soluci\u00f3n de iluminaci\u00f3n de emergencia de alta calidad y eficiente en cuanto a energ\u00eda. Dise\u00f1ada para ser utilizada en situaciones de apagones o emergencias, esta ampolleta cuenta con una bater\u00eda de respaldo que permite mantener la iluminaci\u00f3n durante varias horas en caso de un corte de energ\u00eda.<\/p>\n","protected":false},"excerpt":{"rendered":"<p>La Ampolleta LED de 11W emergencia E-27 WELLMAX es una soluci\u00f3n de iluminaci\u00f3n de emergencia de alta calidad y eficiente en cuanto a energ\u00eda. Dise\u00f1ada para ser utilizada en situaciones de apagones o emergencias, esta ampolleta cuenta con una bater\u00eda de respaldo que permite mantener la iluminaci\u00f3n durante varias horas en caso de un corte de energ\u00eda.<\/p>\n","protected":false},"featured_media":1079,"comment_status":"open","ping_status":"closed","template":"","meta":{"_joinchat":[]},"product_brand":[],"product_cat":[44],"product_tag":[],"class_list":{"0":"post-1080","1":"product","2":"type-product","3":"status-publish","4":"has-post-thumbnail","6":"product_cat-iluminacion","8":"first","9":"instock","10":"shipping-taxable","11":"purchasable","12":"product-type-simple"},"ams_default_variation_id":0,"ams_product_points_reward":[],"ams_product_discount_percentage":0,"ams_price_to_display":6500,"ams_acf":[],"jetpack_sharing_enabled":true,"_links":{"self":[{"href":"https:\/\/solucionsolar.cl\/solar\/wp-json\/wp\/v2\/product\/1080","targetHints":{"allow":["GET"]}}],"collection":[{"href":"https:\/\/solucionsolar.cl\/solar\/wp-json\/wp\/v2\/product"}],"about":[{"href":"https:\/\/solucionsolar.cl\/solar\/wp-json\/wp\/v2\/types\/product"}],"replies":[{"embeddable":true,"href":"https:\/\/solucionsolar.cl\/solar\/wp-json\/wp\/v2\/comments?post=1080"}],"wp:featuredmedia":[{"embeddable":true,"href":"https:\/\/solucionsolar.cl\/solar\/wp-json\/wp\/v2\/media\/1079"}],"wp:attachment":[{"href":"https:\/\/solucionsolar.cl\/solar\/wp-json\/wp\/v2\/media?parent=1080"}],"wp:term":[{"taxonomy":"product_brand","embeddable":true,"href":"https:\/\/solucionsolar.cl\/solar\/wp-json\/wp\/v2\/product_brand?post=1080"},{"taxonomy":"product_cat","embeddable":true,"href":"https:\/\/solucionsolar.cl\/solar\/wp-json\/wp\/v2\/product_cat?post=1080"},{"taxonomy":"product_tag","embeddable":true,"href":"https:\/\/solucionsolar.cl\/solar\/wp-json\/wp\/v2\/product_tag?post=1080"}],"curies":[{"name":"wp","href":"https:\/\/api.w.org\/{rel}","templated":true}]}}