{"id":1112,"date":"2023-05-13T22:46:08","date_gmt":"2023-05-13T22:46:08","guid":{"rendered":"https:\/\/solucionsolar.cl\/solar\/producto\/barra-de-luces-1xgu10-negro-vkb\/"},"modified":"2023-05-13T22:46:08","modified_gmt":"2023-05-13T22:46:08","slug":"barra-de-luces-1xgu10-negro-vkb","status":"publish","type":"product","link":"https:\/\/solucionsolar.cl\/solar\/producto\/barra-de-luces-1xgu10-negro-vkb\/","title":{"rendered":"Barra de luces 1xGU10 Negro VKB"},"content":{"rendered":"<p>La Barra de Luces 1xGU10 Negro VKB es un dispositivo de iluminaci\u00f3n que consta de una estructura alargada de color negro, dise\u00f1ada para albergar una bombilla GU10. Esta barra de luces est\u00e1 fabricada con materiales duraderos y de alta calidad y se puede instalar f\u00e1cilmente en cualquier superficie mediante sus soportes de montaje incluidos. La bombilla GU10 proporciona una luz potente y focalizada, y puede ser reemplazada f\u00e1cilmente seg\u00fan sea necesario.<\/p>\n","protected":false},"excerpt":{"rendered":"<p>La Barra de Luces 1xGU10 Negro VKB es un dispositivo de iluminaci\u00f3n que consta de una estructura alargada de color negro, dise\u00f1ada para albergar una bombilla GU10. Esta barra de luces est\u00e1 fabricada con materiales duraderos y de alta calidad y se puede instalar f\u00e1cilmente en cualquier superficie mediante sus soportes de montaje incluidos. La bombilla GU10 proporciona una luz [&hellip;]<\/p>\n","protected":false},"featured_media":1111,"comment_status":"open","ping_status":"closed","template":"","meta":{"_joinchat":[]},"product_brand":[],"product_cat":[44],"product_tag":[],"class_list":{"0":"post-1112","1":"product","2":"type-product","3":"status-publish","4":"has-post-thumbnail","6":"product_cat-iluminacion","8":"first","9":"instock","10":"shipping-taxable","11":"purchasable","12":"product-type-simple"},"ams_default_variation_id":0,"ams_product_points_reward":[],"ams_product_discount_percentage":0,"ams_price_to_display":6500,"ams_acf":[],"jetpack_sharing_enabled":true,"_links":{"self":[{"href":"https:\/\/solucionsolar.cl\/solar\/wp-json\/wp\/v2\/product\/1112","targetHints":{"allow":["GET"]}}],"collection":[{"href":"https:\/\/solucionsolar.cl\/solar\/wp-json\/wp\/v2\/product"}],"about":[{"href":"https:\/\/solucionsolar.cl\/solar\/wp-json\/wp\/v2\/types\/product"}],"replies":[{"embeddable":true,"href":"https:\/\/solucionsolar.cl\/solar\/wp-json\/wp\/v2\/comments?post=1112"}],"wp:featuredmedia":[{"embeddable":true,"href":"https:\/\/solucionsolar.cl\/solar\/wp-json\/wp\/v2\/media\/1111"}],"wp:attachment":[{"href":"https:\/\/solucionsolar.cl\/solar\/wp-json\/wp\/v2\/media?parent=1112"}],"wp:term":[{"taxonomy":"product_brand","embeddable":true,"href":"https:\/\/solucionsolar.cl\/solar\/wp-json\/wp\/v2\/product_brand?post=1112"},{"taxonomy":"product_cat","embeddable":true,"href":"https:\/\/solucionsolar.cl\/solar\/wp-json\/wp\/v2\/product_cat?post=1112"},{"taxonomy":"product_tag","embeddable":true,"href":"https:\/\/solucionsolar.cl\/solar\/wp-json\/wp\/v2\/product_tag?post=1112"}],"curies":[{"name":"wp","href":"https:\/\/api.w.org\/{rel}","templated":true}]}}