{"id":1159,"date":"2023-05-13T22:47:18","date_gmt":"2023-05-13T22:47:18","guid":{"rendered":"https:\/\/solucionsolar.cl\/solar\/producto\/ampolleta-led-5w-vela-e14-luz-fria-wellmax\/"},"modified":"2023-05-13T22:47:18","modified_gmt":"2023-05-13T22:47:18","slug":"ampolleta-led-5w-vela-e14-luz-fria-wellmax","status":"publish","type":"product","link":"https:\/\/solucionsolar.cl\/solar\/producto\/ampolleta-led-5w-vela-e14-luz-fria-wellmax\/","title":{"rendered":"Ampolleta LED 5W vela E14 Luz fr\u00eda WELLMAX"},"content":{"rendered":"<p>Es una soluci\u00f3n de iluminaci\u00f3n LED para uso en hogares, oficinas y comercios. Con una potencia de 5 vatios, esta ampolleta proporciona una iluminaci\u00f3n clara y eficiente, ideal para espacios donde se requiere una buena iluminaci\u00f3n.<\/p>\n","protected":false},"excerpt":{"rendered":"<p>Es una soluci\u00f3n de iluminaci\u00f3n LED para uso en hogares, oficinas y comercios. Con una potencia de 5 vatios, esta ampolleta proporciona una iluminaci\u00f3n clara y eficiente, ideal para espacios donde se requiere una buena iluminaci\u00f3n.<\/p>\n","protected":false},"featured_media":1158,"comment_status":"open","ping_status":"closed","template":"","meta":{"_joinchat":[]},"product_brand":[],"product_cat":[44],"product_tag":[],"class_list":{"0":"post-1159","1":"product","2":"type-product","3":"status-publish","4":"has-post-thumbnail","6":"product_cat-iluminacion","8":"first","9":"instock","10":"shipping-taxable","11":"purchasable","12":"product-type-simple"},"ams_default_variation_id":0,"ams_product_points_reward":[],"ams_product_discount_percentage":0,"ams_price_to_display":1400,"ams_acf":[],"jetpack_sharing_enabled":true,"_links":{"self":[{"href":"https:\/\/solucionsolar.cl\/solar\/wp-json\/wp\/v2\/product\/1159","targetHints":{"allow":["GET"]}}],"collection":[{"href":"https:\/\/solucionsolar.cl\/solar\/wp-json\/wp\/v2\/product"}],"about":[{"href":"https:\/\/solucionsolar.cl\/solar\/wp-json\/wp\/v2\/types\/product"}],"replies":[{"embeddable":true,"href":"https:\/\/solucionsolar.cl\/solar\/wp-json\/wp\/v2\/comments?post=1159"}],"wp:featuredmedia":[{"embeddable":true,"href":"https:\/\/solucionsolar.cl\/solar\/wp-json\/wp\/v2\/media\/1158"}],"wp:attachment":[{"href":"https:\/\/solucionsolar.cl\/solar\/wp-json\/wp\/v2\/media?parent=1159"}],"wp:term":[{"taxonomy":"product_brand","embeddable":true,"href":"https:\/\/solucionsolar.cl\/solar\/wp-json\/wp\/v2\/product_brand?post=1159"},{"taxonomy":"product_cat","embeddable":true,"href":"https:\/\/solucionsolar.cl\/solar\/wp-json\/wp\/v2\/product_cat?post=1159"},{"taxonomy":"product_tag","embeddable":true,"href":"https:\/\/solucionsolar.cl\/solar\/wp-json\/wp\/v2\/product_tag?post=1159"}],"curies":[{"name":"wp","href":"https:\/\/api.w.org\/{rel}","templated":true}]}}