{"id":1219,"date":"2023-05-13T22:49:13","date_gmt":"2023-05-13T22:49:13","guid":{"rendered":"https:\/\/solucionsolar.cl\/solar\/producto\/tubo-led-t8-9w-6500k-60cm-vidrio-drl\/"},"modified":"2023-05-13T22:49:13","modified_gmt":"2023-05-13T22:49:13","slug":"tubo-led-t8-9w-6500k-60cm-vidrio-drl","status":"publish","type":"product","link":"https:\/\/solucionsolar.cl\/solar\/producto\/tubo-led-t8-9w-6500k-60cm-vidrio-drl\/","title":{"rendered":"Tubo LED T8 9W 6500K 60cm Vidrio DRL"},"content":{"rendered":"<p>El Tubo LED T8 9W 6500K 60cm Vidrio DRL es un tubo LED de 60 cm de longitud y 9W de potencia, dise\u00f1ado para reemplazar los tubos fluorescentes convencionales T8. Tiene una temperatura de color de 6500K, lo que lo convierte en una luz fr\u00eda de alta eficiencia energ\u00e9tica. Est\u00e1 hecho de vidrio resistente y cuenta con tecnolog\u00eda DRL, que proporciona un encendido instant\u00e1neo y un brillo uniforme sin parpadeos. Es f\u00e1cil de instalar y tiene una vida \u00fatil de hasta 25.000 horas.<\/p>\n","protected":false},"excerpt":{"rendered":"<p>El Tubo LED T8 9W 6500K 60cm Vidrio DRL es un tubo LED de 60 cm de longitud y 9W de potencia, dise\u00f1ado para reemplazar los tubos fluorescentes convencionales T8. Tiene una temperatura de color de 6500K, lo que lo convierte en una luz fr\u00eda de alta eficiencia energ\u00e9tica. Est\u00e1 hecho de vidrio resistente y cuenta con tecnolog\u00eda DRL, que [&hellip;]<\/p>\n","protected":false},"featured_media":1218,"comment_status":"open","ping_status":"closed","template":"","meta":{"_joinchat":[]},"product_brand":[],"product_cat":[44],"product_tag":[],"class_list":{"0":"post-1219","1":"product","2":"type-product","3":"status-publish","4":"has-post-thumbnail","6":"product_cat-iluminacion","8":"first","9":"instock","10":"shipping-taxable","11":"purchasable","12":"product-type-simple"},"ams_default_variation_id":0,"ams_product_points_reward":[],"ams_product_discount_percentage":0,"ams_price_to_display":1700,"ams_acf":[],"jetpack_sharing_enabled":true,"_links":{"self":[{"href":"https:\/\/solucionsolar.cl\/solar\/wp-json\/wp\/v2\/product\/1219","targetHints":{"allow":["GET"]}}],"collection":[{"href":"https:\/\/solucionsolar.cl\/solar\/wp-json\/wp\/v2\/product"}],"about":[{"href":"https:\/\/solucionsolar.cl\/solar\/wp-json\/wp\/v2\/types\/product"}],"replies":[{"embeddable":true,"href":"https:\/\/solucionsolar.cl\/solar\/wp-json\/wp\/v2\/comments?post=1219"}],"wp:featuredmedia":[{"embeddable":true,"href":"https:\/\/solucionsolar.cl\/solar\/wp-json\/wp\/v2\/media\/1218"}],"wp:attachment":[{"href":"https:\/\/solucionsolar.cl\/solar\/wp-json\/wp\/v2\/media?parent=1219"}],"wp:term":[{"taxonomy":"product_brand","embeddable":true,"href":"https:\/\/solucionsolar.cl\/solar\/wp-json\/wp\/v2\/product_brand?post=1219"},{"taxonomy":"product_cat","embeddable":true,"href":"https:\/\/solucionsolar.cl\/solar\/wp-json\/wp\/v2\/product_cat?post=1219"},{"taxonomy":"product_tag","embeddable":true,"href":"https:\/\/solucionsolar.cl\/solar\/wp-json\/wp\/v2\/product_tag?post=1219"}],"curies":[{"name":"wp","href":"https:\/\/api.w.org\/{rel}","templated":true}]}}