{"id":124,"date":"2023-05-13T22:21:53","date_gmt":"2023-05-13T22:21:53","guid":{"rendered":"https:\/\/solucionsolar.cl\/solar\/producto\/prensaestopa-plastica-pg-11-5-8mm-c-tuerca\/"},"modified":"2023-05-13T22:21:53","modified_gmt":"2023-05-13T22:21:53","slug":"prensaestopa-plastica-pg-11-5-8mm-c-tuerca","status":"publish","type":"product","link":"https:\/\/solucionsolar.cl\/solar\/producto\/prensaestopa-plastica-pg-11-5-8mm-c-tuerca\/","title":{"rendered":"Prensaestopa pl\u00e1stica PG 11 5-8mm c\/tuerca"},"content":{"rendered":"<p>Es un accesorio utilizado para la sujeci\u00f3n y sellado de cables el\u00e9ctricos en equipos y cajas el\u00e9ctricas. Posee una rosca de tama\u00f1o PG 11 y tiene una capacidad para alojar cables con di\u00e1metros entre 5 y 8 mm. La tuerca de este prensaestopa permite un ajuste seguro y estable en la caja el\u00e9ctrica, evitando as\u00ed la entrada de polvo, agua y otros elementos no deseados. Este prensaestopa est\u00e1 fabricado en pl\u00e1stico resistente que le proporciona durabilidad y resistencia a la corrosi\u00f3n y al desgaste. Es ampliamente utilizado en la industria el\u00e9ctrica, electr\u00f3nica y de automatizaci\u00f3n para asegurar la protecci\u00f3n y el paso de cables el\u00e9ctricos en diferentes aplicaciones.<\/p>\n","protected":false},"excerpt":{"rendered":"<p>Es un accesorio utilizado para la sujeci\u00f3n y sellado de cables el\u00e9ctricos en equipos y cajas el\u00e9ctricas. Posee una rosca de tama\u00f1o PG 11 y tiene una capacidad para alojar cables con di\u00e1metros entre 5 y 8 mm. La tuerca de este prensaestopa permite un ajuste seguro y estable en la caja el\u00e9ctrica, evitando as\u00ed la entrada de polvo, agua [&hellip;]<\/p>\n","protected":false},"featured_media":123,"comment_status":"open","ping_status":"closed","template":"","meta":{"_joinchat":[]},"product_brand":[],"product_cat":[16],"product_tag":[],"class_list":{"0":"post-124","1":"product","2":"type-product","3":"status-publish","4":"has-post-thumbnail","6":"product_cat-electricidad","8":"first","9":"instock","10":"shipping-taxable","11":"purchasable","12":"product-type-simple"},"ams_default_variation_id":0,"ams_product_points_reward":[],"ams_product_discount_percentage":0,"ams_price_to_display":270,"ams_acf":[],"jetpack_sharing_enabled":true,"_links":{"self":[{"href":"https:\/\/solucionsolar.cl\/solar\/wp-json\/wp\/v2\/product\/124","targetHints":{"allow":["GET"]}}],"collection":[{"href":"https:\/\/solucionsolar.cl\/solar\/wp-json\/wp\/v2\/product"}],"about":[{"href":"https:\/\/solucionsolar.cl\/solar\/wp-json\/wp\/v2\/types\/product"}],"replies":[{"embeddable":true,"href":"https:\/\/solucionsolar.cl\/solar\/wp-json\/wp\/v2\/comments?post=124"}],"wp:featuredmedia":[{"embeddable":true,"href":"https:\/\/solucionsolar.cl\/solar\/wp-json\/wp\/v2\/media\/123"}],"wp:attachment":[{"href":"https:\/\/solucionsolar.cl\/solar\/wp-json\/wp\/v2\/media?parent=124"}],"wp:term":[{"taxonomy":"product_brand","embeddable":true,"href":"https:\/\/solucionsolar.cl\/solar\/wp-json\/wp\/v2\/product_brand?post=124"},{"taxonomy":"product_cat","embeddable":true,"href":"https:\/\/solucionsolar.cl\/solar\/wp-json\/wp\/v2\/product_cat?post=124"},{"taxonomy":"product_tag","embeddable":true,"href":"https:\/\/solucionsolar.cl\/solar\/wp-json\/wp\/v2\/product_tag?post=124"}],"curies":[{"name":"wp","href":"https:\/\/api.w.org\/{rel}","templated":true}]}}