{"id":1299,"date":"2023-05-13T22:51:15","date_gmt":"2023-05-13T22:51:15","guid":{"rendered":"https:\/\/solucionsolar.cl\/solar\/producto\/curva-exterior-para-canaleta-40x16mm-lexo\/"},"modified":"2023-05-13T22:51:15","modified_gmt":"2023-05-13T22:51:15","slug":"curva-exterior-para-canaleta-40x16mm-lexo","status":"publish","type":"product","link":"https:\/\/solucionsolar.cl\/solar\/producto\/curva-exterior-para-canaleta-40x16mm-lexo\/","title":{"rendered":"Curva exterior para canaleta 40x16mm LEXO"},"content":{"rendered":"<p>La curva exterior para canaleta 40x16mm LEXO es un accesorio dise\u00f1ado para ser instalado en las canaletas de dichas dimensiones, con el fin de proporcionar un \u00e1ngulo de giro externo. Esta curva est\u00e1 fabricada en material resistente y duradero, lo que la hace adecuada para su uso en exteriores. Su dise\u00f1o permite un f\u00e1cil acople a las canaletas, asegurando una instalaci\u00f3n sencilla y segura.<\/p>\n","protected":false},"excerpt":{"rendered":"<p>La curva exterior para canaleta 40x16mm LEXO es un accesorio dise\u00f1ado para ser instalado en las canaletas de dichas dimensiones, con el fin de proporcionar un \u00e1ngulo de giro externo. Esta curva est\u00e1 fabricada en material resistente y duradero, lo que la hace adecuada para su uso en exteriores. Su dise\u00f1o permite un f\u00e1cil acople a las canaletas, asegurando una [&hellip;]<\/p>\n","protected":false},"featured_media":1298,"comment_status":"open","ping_status":"closed","template":"","meta":{"_joinchat":[]},"product_brand":[],"product_cat":[56,16],"product_tag":[],"class_list":{"0":"post-1299","1":"product","2":"type-product","3":"status-publish","4":"has-post-thumbnail","6":"product_cat-canalizacion","7":"product_cat-electricidad","9":"first","10":"instock","11":"shipping-taxable","12":"purchasable","13":"product-type-simple"},"ams_default_variation_id":0,"ams_product_points_reward":[],"ams_product_discount_percentage":0,"ams_price_to_display":500,"ams_acf":[],"jetpack_sharing_enabled":true,"_links":{"self":[{"href":"https:\/\/solucionsolar.cl\/solar\/wp-json\/wp\/v2\/product\/1299","targetHints":{"allow":["GET"]}}],"collection":[{"href":"https:\/\/solucionsolar.cl\/solar\/wp-json\/wp\/v2\/product"}],"about":[{"href":"https:\/\/solucionsolar.cl\/solar\/wp-json\/wp\/v2\/types\/product"}],"replies":[{"embeddable":true,"href":"https:\/\/solucionsolar.cl\/solar\/wp-json\/wp\/v2\/comments?post=1299"}],"wp:featuredmedia":[{"embeddable":true,"href":"https:\/\/solucionsolar.cl\/solar\/wp-json\/wp\/v2\/media\/1298"}],"wp:attachment":[{"href":"https:\/\/solucionsolar.cl\/solar\/wp-json\/wp\/v2\/media?parent=1299"}],"wp:term":[{"taxonomy":"product_brand","embeddable":true,"href":"https:\/\/solucionsolar.cl\/solar\/wp-json\/wp\/v2\/product_brand?post=1299"},{"taxonomy":"product_cat","embeddable":true,"href":"https:\/\/solucionsolar.cl\/solar\/wp-json\/wp\/v2\/product_cat?post=1299"},{"taxonomy":"product_tag","embeddable":true,"href":"https:\/\/solucionsolar.cl\/solar\/wp-json\/wp\/v2\/product_tag?post=1299"}],"curies":[{"name":"wp","href":"https:\/\/api.w.org\/{rel}","templated":true}]}}