{"id":1324,"date":"2023-05-13T22:51:51","date_gmt":"2023-05-13T22:51:51","guid":{"rendered":"https:\/\/solucionsolar.cl\/solar\/producto\/tablero-sobrepuesto-pvc-24-polos-lexo\/"},"modified":"2023-05-13T22:51:51","modified_gmt":"2023-05-13T22:51:51","slug":"tablero-sobrepuesto-pvc-24-polos-lexo","status":"publish","type":"product","link":"https:\/\/solucionsolar.cl\/solar\/producto\/tablero-sobrepuesto-pvc-24-polos-lexo\/","title":{"rendered":"Tablero sobrepuesto pvc 24 polos LEXO"},"content":{"rendered":"<p>El tablero sobrepuesto PVC 24 polos LEXO es un dispositivo el\u00e9ctrico utilizado en instalaciones el\u00e9ctricas de baja tensi\u00f3n para la distribuci\u00f3n de energ\u00eda y control de circuitos. Est\u00e1 fabricado con material de PVC de alta calidad y cuenta con 24 polos, lo que permite conectar m\u00faltiples circuitos el\u00e9ctricos. Adem\u00e1s, cuenta con un dise\u00f1o sobrepuesto que permite su instalaci\u00f3n en cualquier superficie y facilita su mantenimiento.<\/p>\n","protected":false},"excerpt":{"rendered":"<p>El tablero sobrepuesto PVC 24 polos LEXO es un dispositivo el\u00e9ctrico utilizado en instalaciones el\u00e9ctricas de baja tensi\u00f3n para la distribuci\u00f3n de energ\u00eda y control de circuitos. Est\u00e1 fabricado con material de PVC de alta calidad y cuenta con 24 polos, lo que permite conectar m\u00faltiples circuitos el\u00e9ctricos. Adem\u00e1s, cuenta con un dise\u00f1o sobrepuesto que permite su instalaci\u00f3n en cualquier [&hellip;]<\/p>\n","protected":false},"featured_media":1323,"comment_status":"open","ping_status":"closed","template":"","meta":{"_joinchat":[]},"product_brand":[],"product_cat":[16],"product_tag":[],"class_list":{"0":"post-1324","1":"product","2":"type-product","3":"status-publish","4":"has-post-thumbnail","6":"product_cat-electricidad","8":"first","9":"instock","10":"shipping-taxable","11":"purchasable","12":"product-type-simple"},"ams_default_variation_id":0,"ams_product_points_reward":[],"ams_product_discount_percentage":0,"ams_price_to_display":20500,"ams_acf":[],"jetpack_sharing_enabled":true,"_links":{"self":[{"href":"https:\/\/solucionsolar.cl\/solar\/wp-json\/wp\/v2\/product\/1324","targetHints":{"allow":["GET"]}}],"collection":[{"href":"https:\/\/solucionsolar.cl\/solar\/wp-json\/wp\/v2\/product"}],"about":[{"href":"https:\/\/solucionsolar.cl\/solar\/wp-json\/wp\/v2\/types\/product"}],"replies":[{"embeddable":true,"href":"https:\/\/solucionsolar.cl\/solar\/wp-json\/wp\/v2\/comments?post=1324"}],"wp:featuredmedia":[{"embeddable":true,"href":"https:\/\/solucionsolar.cl\/solar\/wp-json\/wp\/v2\/media\/1323"}],"wp:attachment":[{"href":"https:\/\/solucionsolar.cl\/solar\/wp-json\/wp\/v2\/media?parent=1324"}],"wp:term":[{"taxonomy":"product_brand","embeddable":true,"href":"https:\/\/solucionsolar.cl\/solar\/wp-json\/wp\/v2\/product_brand?post=1324"},{"taxonomy":"product_cat","embeddable":true,"href":"https:\/\/solucionsolar.cl\/solar\/wp-json\/wp\/v2\/product_cat?post=1324"},{"taxonomy":"product_tag","embeddable":true,"href":"https:\/\/solucionsolar.cl\/solar\/wp-json\/wp\/v2\/product_tag?post=1324"}],"curies":[{"name":"wp","href":"https:\/\/api.w.org\/{rel}","templated":true}]}}