{"id":1328,"date":"2023-05-13T22:51:56","date_gmt":"2023-05-13T22:51:56","guid":{"rendered":"https:\/\/solucionsolar.cl\/solar\/producto\/conector-dentado-thep-16-95-15-10mm2-lexo\/"},"modified":"2023-05-13T22:51:56","modified_gmt":"2023-05-13T22:51:56","slug":"conector-dentado-thep-16-95-15-10mm2-lexo","status":"publish","type":"product","link":"https:\/\/solucionsolar.cl\/solar\/producto\/conector-dentado-thep-16-95-15-10mm2-lexo\/","title":{"rendered":"Conector dentado THEP (16-95  \/  1,5-10mm2) LEXO"},"content":{"rendered":"<p>El conector dentado THEP LEXO es un dispositivo de conexi\u00f3n el\u00e9ctrica dise\u00f1ado para unir cables de secci\u00f3n transversal de 1,5 a 10 mm2, con un rango de di\u00e1metro exterior de 16 a 95 mm. Est\u00e1 compuesto por una carcasa de pl\u00e1stico aislante y una pieza dentada de cobre esta\u00f1ado en su interior, que se presiona sobre el cable para establecer una conexi\u00f3n el\u00e9ctrica segura y fiable.<\/p>\n","protected":false},"excerpt":{"rendered":"<p>El conector dentado THEP LEXO es un dispositivo de conexi\u00f3n el\u00e9ctrica dise\u00f1ado para unir cables de secci\u00f3n transversal de 1,5 a 10 mm2, con un rango de di\u00e1metro exterior de 16 a 95 mm. Est\u00e1 compuesto por una carcasa de pl\u00e1stico aislante y una pieza dentada de cobre esta\u00f1ado en su interior, que se presiona sobre el cable para establecer [&hellip;]<\/p>\n","protected":false},"featured_media":1327,"comment_status":"open","ping_status":"closed","template":"","meta":{"_joinchat":[]},"product_brand":[],"product_cat":[16],"product_tag":[],"class_list":{"0":"post-1328","1":"product","2":"type-product","3":"status-publish","4":"has-post-thumbnail","6":"product_cat-electricidad","8":"first","9":"instock","10":"shipping-taxable","11":"purchasable","12":"product-type-simple"},"ams_default_variation_id":0,"ams_product_points_reward":[],"ams_product_discount_percentage":0,"ams_price_to_display":1100,"ams_acf":[],"jetpack_sharing_enabled":true,"_links":{"self":[{"href":"https:\/\/solucionsolar.cl\/solar\/wp-json\/wp\/v2\/product\/1328","targetHints":{"allow":["GET"]}}],"collection":[{"href":"https:\/\/solucionsolar.cl\/solar\/wp-json\/wp\/v2\/product"}],"about":[{"href":"https:\/\/solucionsolar.cl\/solar\/wp-json\/wp\/v2\/types\/product"}],"replies":[{"embeddable":true,"href":"https:\/\/solucionsolar.cl\/solar\/wp-json\/wp\/v2\/comments?post=1328"}],"wp:featuredmedia":[{"embeddable":true,"href":"https:\/\/solucionsolar.cl\/solar\/wp-json\/wp\/v2\/media\/1327"}],"wp:attachment":[{"href":"https:\/\/solucionsolar.cl\/solar\/wp-json\/wp\/v2\/media?parent=1328"}],"wp:term":[{"taxonomy":"product_brand","embeddable":true,"href":"https:\/\/solucionsolar.cl\/solar\/wp-json\/wp\/v2\/product_brand?post=1328"},{"taxonomy":"product_cat","embeddable":true,"href":"https:\/\/solucionsolar.cl\/solar\/wp-json\/wp\/v2\/product_cat?post=1328"},{"taxonomy":"product_tag","embeddable":true,"href":"https:\/\/solucionsolar.cl\/solar\/wp-json\/wp\/v2\/product_tag?post=1328"}],"curies":[{"name":"wp","href":"https:\/\/api.w.org\/{rel}","templated":true}]}}