{"id":1332,"date":"2023-05-13T22:52:00","date_gmt":"2023-05-13T22:52:00","guid":{"rendered":"https:\/\/solucionsolar.cl\/solar\/producto\/barra-bipolar-7-polos-125a-lexo\/"},"modified":"2023-05-13T22:52:00","modified_gmt":"2023-05-13T22:52:00","slug":"barra-bipolar-7-polos-125a-lexo","status":"publish","type":"product","link":"https:\/\/solucionsolar.cl\/solar\/producto\/barra-bipolar-7-polos-125a-lexo\/","title":{"rendered":"Barra bipolar 7 Polos 125A LEXO"},"content":{"rendered":"<p>La Barra Bipolar 7 Polos 125A LEXO es un componente el\u00e9ctrico que se utiliza para conectar y distribuir energ\u00eda el\u00e9ctrica en sistemas industriales y comerciales. Tiene capacidad para soportar hasta 125 amperios y cuenta con 7 polos, lo que significa que puede distribuir energ\u00eda a hasta 7 circuitos diferentes.<\/p>\n","protected":false},"excerpt":{"rendered":"<p>La Barra Bipolar 7 Polos 125A LEXO es un componente el\u00e9ctrico que se utiliza para conectar y distribuir energ\u00eda el\u00e9ctrica en sistemas industriales y comerciales. Tiene capacidad para soportar hasta 125 amperios y cuenta con 7 polos, lo que significa que puede distribuir energ\u00eda a hasta 7 circuitos diferentes.<\/p>\n","protected":false},"featured_media":1331,"comment_status":"open","ping_status":"closed","template":"","meta":{"_joinchat":[]},"product_brand":[],"product_cat":[16],"product_tag":[],"class_list":{"0":"post-1332","1":"product","2":"type-product","3":"status-publish","4":"has-post-thumbnail","6":"product_cat-electricidad","8":"first","9":"instock","10":"shipping-taxable","11":"purchasable","12":"product-type-simple"},"ams_default_variation_id":0,"ams_product_points_reward":[],"ams_product_discount_percentage":0,"ams_price_to_display":5000,"ams_acf":[],"jetpack_sharing_enabled":true,"_links":{"self":[{"href":"https:\/\/solucionsolar.cl\/solar\/wp-json\/wp\/v2\/product\/1332","targetHints":{"allow":["GET"]}}],"collection":[{"href":"https:\/\/solucionsolar.cl\/solar\/wp-json\/wp\/v2\/product"}],"about":[{"href":"https:\/\/solucionsolar.cl\/solar\/wp-json\/wp\/v2\/types\/product"}],"replies":[{"embeddable":true,"href":"https:\/\/solucionsolar.cl\/solar\/wp-json\/wp\/v2\/comments?post=1332"}],"wp:featuredmedia":[{"embeddable":true,"href":"https:\/\/solucionsolar.cl\/solar\/wp-json\/wp\/v2\/media\/1331"}],"wp:attachment":[{"href":"https:\/\/solucionsolar.cl\/solar\/wp-json\/wp\/v2\/media?parent=1332"}],"wp:term":[{"taxonomy":"product_brand","embeddable":true,"href":"https:\/\/solucionsolar.cl\/solar\/wp-json\/wp\/v2\/product_brand?post=1332"},{"taxonomy":"product_cat","embeddable":true,"href":"https:\/\/solucionsolar.cl\/solar\/wp-json\/wp\/v2\/product_cat?post=1332"},{"taxonomy":"product_tag","embeddable":true,"href":"https:\/\/solucionsolar.cl\/solar\/wp-json\/wp\/v2\/product_tag?post=1332"}],"curies":[{"name":"wp","href":"https:\/\/api.w.org\/{rel}","templated":true}]}}