{"id":134,"date":"2023-05-13T22:22:11","date_gmt":"2023-05-13T22:22:11","guid":{"rendered":"https:\/\/solucionsolar.cl\/solar\/producto\/fumigador-espalda-15-lt-rayun\/"},"modified":"2023-05-13T22:22:11","modified_gmt":"2023-05-13T22:22:11","slug":"fumigador-espalda-15-lt-rayun","status":"publish","type":"product","link":"https:\/\/solucionsolar.cl\/solar\/producto\/fumigador-espalda-15-lt-rayun\/","title":{"rendered":"Fumigador espalda 15 Lt RAY\u00dcN"},"content":{"rendered":"<p>El Fumigador espalda 15 Lt RAY\u00dcN es un dispositivo utilizado para rociar productos qu\u00edmicos en \u00e1reas espec\u00edficas. Tiene una capacidad de 15 litros y se lleva en la espalda para mayor comodidad durante su uso.<\/p>\n","protected":false},"excerpt":{"rendered":"<p>El Fumigador espalda 15 Lt RAY\u00dcN es un dispositivo utilizado para rociar productos qu\u00edmicos en \u00e1reas espec\u00edficas. Tiene una capacidad de 15 litros y se lleva en la espalda para mayor comodidad durante su uso.<\/p>\n","protected":false},"featured_media":133,"comment_status":"open","ping_status":"closed","template":"","meta":{"_joinchat":[]},"product_brand":[],"product_cat":[17],"product_tag":[],"class_list":{"0":"post-134","1":"product","2":"type-product","3":"status-publish","4":"has-post-thumbnail","6":"product_cat-ferreteria","8":"first","9":"instock","10":"shipping-taxable","11":"purchasable","12":"product-type-simple"},"ams_default_variation_id":0,"ams_product_points_reward":[],"ams_product_discount_percentage":0,"ams_price_to_display":49000,"ams_acf":[],"jetpack_sharing_enabled":true,"_links":{"self":[{"href":"https:\/\/solucionsolar.cl\/solar\/wp-json\/wp\/v2\/product\/134","targetHints":{"allow":["GET"]}}],"collection":[{"href":"https:\/\/solucionsolar.cl\/solar\/wp-json\/wp\/v2\/product"}],"about":[{"href":"https:\/\/solucionsolar.cl\/solar\/wp-json\/wp\/v2\/types\/product"}],"replies":[{"embeddable":true,"href":"https:\/\/solucionsolar.cl\/solar\/wp-json\/wp\/v2\/comments?post=134"}],"wp:featuredmedia":[{"embeddable":true,"href":"https:\/\/solucionsolar.cl\/solar\/wp-json\/wp\/v2\/media\/133"}],"wp:attachment":[{"href":"https:\/\/solucionsolar.cl\/solar\/wp-json\/wp\/v2\/media?parent=134"}],"wp:term":[{"taxonomy":"product_brand","embeddable":true,"href":"https:\/\/solucionsolar.cl\/solar\/wp-json\/wp\/v2\/product_brand?post=134"},{"taxonomy":"product_cat","embeddable":true,"href":"https:\/\/solucionsolar.cl\/solar\/wp-json\/wp\/v2\/product_cat?post=134"},{"taxonomy":"product_tag","embeddable":true,"href":"https:\/\/solucionsolar.cl\/solar\/wp-json\/wp\/v2\/product_tag?post=134"}],"curies":[{"name":"wp","href":"https:\/\/api.w.org\/{rel}","templated":true}]}}