{"id":1427,"date":"2023-05-13T22:54:31","date_gmt":"2023-05-13T22:54:31","guid":{"rendered":"https:\/\/solucionsolar.cl\/solar\/producto\/guirnalda-led-solar-7mt-10-ampolletas-3-000k-logic\/"},"modified":"2023-05-13T22:54:31","modified_gmt":"2023-05-13T22:54:31","slug":"guirnalda-led-solar-7mt-10-ampolletas-3-000k-logic","status":"publish","type":"product","link":"https:\/\/solucionsolar.cl\/solar\/producto\/guirnalda-led-solar-7mt-10-ampolletas-3-000k-logic\/","title":{"rendered":"Guirnalda LED solar 7mt \/ 10 ampolletas 3.000K LOGIC"},"content":{"rendered":"<p>Esta guirnalda LED solar de 7 metros de longitud est\u00e1 dise\u00f1ada para iluminar de manera decorativa espacios exteriores como patios, jardines, terrazas, entre otros. Cuenta con 10 ampolletas LED de bajo consumo energ\u00e9tico y una temperatura de color de 3000K, lo que genera una luz c\u00e1lida y agradable a la vista. Al ser solar, no requiere de conexi\u00f3n el\u00e9ctrica, ya que se carga durante el d\u00eda a trav\u00e9s de un panel solar integrado en la guirnalda. Adem\u00e1s, cuenta con una funci\u00f3n de sensor de luz y movimiento que permite que las ampolletas se enciendan autom\u00e1ticamente al anochecer y se apaguen al amanecer o cuando se detecte movimiento en la zona. Es fabricada por la reconocida marca LOGIC, lo que garantiza calidad y durabilidad en el producto.<\/p>\n","protected":false},"excerpt":{"rendered":"<p>Esta guirnalda LED solar de 7 metros de longitud est\u00e1 dise\u00f1ada para iluminar de manera decorativa espacios exteriores como patios, jardines, terrazas, entre otros. Cuenta con 10 ampolletas LED de bajo consumo energ\u00e9tico y una temperatura de color de 3000K, lo que genera una luz c\u00e1lida y agradable a la vista. Al ser solar, no requiere de conexi\u00f3n el\u00e9ctrica, ya [&hellip;]<\/p>\n","protected":false},"featured_media":1426,"comment_status":"open","ping_status":"closed","template":"","meta":{"_joinchat":[]},"product_brand":[],"product_cat":[34,31],"product_tag":[],"class_list":{"0":"post-1427","1":"product","2":"type-product","3":"status-publish","4":"has-post-thumbnail","6":"product_cat-iluminacion-solar","7":"product_cat-solar","9":"first","10":"instock","11":"shipping-taxable","12":"purchasable","13":"product-type-simple"},"ams_default_variation_id":0,"ams_product_points_reward":[],"ams_product_discount_percentage":0,"ams_price_to_display":26000,"ams_acf":[],"jetpack_sharing_enabled":true,"_links":{"self":[{"href":"https:\/\/solucionsolar.cl\/solar\/wp-json\/wp\/v2\/product\/1427","targetHints":{"allow":["GET"]}}],"collection":[{"href":"https:\/\/solucionsolar.cl\/solar\/wp-json\/wp\/v2\/product"}],"about":[{"href":"https:\/\/solucionsolar.cl\/solar\/wp-json\/wp\/v2\/types\/product"}],"replies":[{"embeddable":true,"href":"https:\/\/solucionsolar.cl\/solar\/wp-json\/wp\/v2\/comments?post=1427"}],"wp:featuredmedia":[{"embeddable":true,"href":"https:\/\/solucionsolar.cl\/solar\/wp-json\/wp\/v2\/media\/1426"}],"wp:attachment":[{"href":"https:\/\/solucionsolar.cl\/solar\/wp-json\/wp\/v2\/media?parent=1427"}],"wp:term":[{"taxonomy":"product_brand","embeddable":true,"href":"https:\/\/solucionsolar.cl\/solar\/wp-json\/wp\/v2\/product_brand?post=1427"},{"taxonomy":"product_cat","embeddable":true,"href":"https:\/\/solucionsolar.cl\/solar\/wp-json\/wp\/v2\/product_cat?post=1427"},{"taxonomy":"product_tag","embeddable":true,"href":"https:\/\/solucionsolar.cl\/solar\/wp-json\/wp\/v2\/product_tag?post=1427"}],"curies":[{"name":"wp","href":"https:\/\/api.w.org\/{rel}","templated":true}]}}