{"id":1451,"date":"2023-05-13T22:55:02","date_gmt":"2023-05-13T22:55:02","guid":{"rendered":"https:\/\/solucionsolar.cl\/solar\/producto\/terminal-ojo-22-16-awg-6-5mm-rojo-100-un-bm\/"},"modified":"2023-05-13T22:55:02","modified_gmt":"2023-05-13T22:55:02","slug":"terminal-ojo-22-16-awg-6-5mm-rojo-100-un-bm","status":"publish","type":"product","link":"https:\/\/solucionsolar.cl\/solar\/producto\/terminal-ojo-22-16-awg-6-5mm-rojo-100-un-bm\/","title":{"rendered":"Terminal Ojo 22-16 AWG (6.5mm) Rojo 100 un BM"},"content":{"rendered":"<p>Este producto es un conjunto de 100 terminales ojo de color rojo para cables de calibre 22-16 AWG (aproximadamente 0.5-1.5 mm\u00b2). Cada terminal tiene un di\u00e1metro interior de 6.5 mm y est\u00e1 dise\u00f1ado para ser utilizado en aplicaciones de conexi\u00f3n de cables donde se requiere una conexi\u00f3n segura y duradera. Los terminales ojo se fijan al cable mediante la compresi\u00f3n del conductor dentro del terminal y se sujetan a trav\u00e9s de un tornillo o perno para proporcionar una conexi\u00f3n segura y confiable.<\/p>\n","protected":false},"excerpt":{"rendered":"<p>Este producto es un conjunto de 100 terminales ojo de color rojo para cables de calibre 22-16 AWG (aproximadamente 0.5-1.5 mm\u00b2). Cada terminal tiene un di\u00e1metro interior de 6.5 mm y est\u00e1 dise\u00f1ado para ser utilizado en aplicaciones de conexi\u00f3n de cables donde se requiere una conexi\u00f3n segura y duradera. Los terminales ojo se fijan al cable mediante la compresi\u00f3n [&hellip;]<\/p>\n","protected":false},"featured_media":1450,"comment_status":"open","ping_status":"closed","template":"","meta":{"_joinchat":[]},"product_brand":[],"product_cat":[16],"product_tag":[],"class_list":{"0":"post-1451","1":"product","2":"type-product","3":"status-publish","4":"has-post-thumbnail","6":"product_cat-electricidad","8":"first","9":"instock","10":"shipping-taxable","11":"purchasable","12":"product-type-simple"},"ams_default_variation_id":0,"ams_product_points_reward":[],"ams_product_discount_percentage":0,"ams_price_to_display":7000,"ams_acf":[],"jetpack_sharing_enabled":true,"_links":{"self":[{"href":"https:\/\/solucionsolar.cl\/solar\/wp-json\/wp\/v2\/product\/1451","targetHints":{"allow":["GET"]}}],"collection":[{"href":"https:\/\/solucionsolar.cl\/solar\/wp-json\/wp\/v2\/product"}],"about":[{"href":"https:\/\/solucionsolar.cl\/solar\/wp-json\/wp\/v2\/types\/product"}],"replies":[{"embeddable":true,"href":"https:\/\/solucionsolar.cl\/solar\/wp-json\/wp\/v2\/comments?post=1451"}],"wp:featuredmedia":[{"embeddable":true,"href":"https:\/\/solucionsolar.cl\/solar\/wp-json\/wp\/v2\/media\/1450"}],"wp:attachment":[{"href":"https:\/\/solucionsolar.cl\/solar\/wp-json\/wp\/v2\/media?parent=1451"}],"wp:term":[{"taxonomy":"product_brand","embeddable":true,"href":"https:\/\/solucionsolar.cl\/solar\/wp-json\/wp\/v2\/product_brand?post=1451"},{"taxonomy":"product_cat","embeddable":true,"href":"https:\/\/solucionsolar.cl\/solar\/wp-json\/wp\/v2\/product_cat?post=1451"},{"taxonomy":"product_tag","embeddable":true,"href":"https:\/\/solucionsolar.cl\/solar\/wp-json\/wp\/v2\/product_tag?post=1451"}],"curies":[{"name":"wp","href":"https:\/\/api.w.org\/{rel}","templated":true}]}}