{"id":1457,"date":"2023-05-13T22:55:23","date_gmt":"2023-05-13T22:55:23","guid":{"rendered":"https:\/\/solucionsolar.cl\/solar\/producto\/aplique-exterior-semi-circular-2-dir-gris-claro-gug10-drl\/"},"modified":"2023-05-13T22:55:23","modified_gmt":"2023-05-13T22:55:23","slug":"aplique-exterior-semi-circular-2-dir-gris-claro-gug10-drl","status":"publish","type":"product","link":"https:\/\/solucionsolar.cl\/solar\/producto\/aplique-exterior-semi-circular-2-dir-gris-claro-gug10-drl\/","title":{"rendered":"Aplique exterior semi circular 2 Dir Gris claro (GUG10) DRL"},"content":{"rendered":"<p>Es una luminaria para uso en exteriores con forma semicircular que emite luz en dos direcciones. Es de color gris claro y est\u00e1 dise\u00f1ada para ser montada en paredes exteriores. Es resistente al agua y cuenta con un \u00edndice de protecci\u00f3n IP44.<\/p>\n","protected":false},"excerpt":{"rendered":"<p>Es una luminaria para uso en exteriores con forma semicircular que emite luz en dos direcciones. Es de color gris claro y est\u00e1 dise\u00f1ada para ser montada en paredes exteriores. Es resistente al agua y cuenta con un \u00edndice de protecci\u00f3n IP44.<\/p>\n","protected":false},"featured_media":1193,"comment_status":"open","ping_status":"closed","template":"","meta":{"_joinchat":[]},"product_brand":[],"product_cat":[16],"product_tag":[],"class_list":{"0":"post-1457","1":"product","2":"type-product","3":"status-publish","4":"has-post-thumbnail","6":"product_cat-electricidad","8":"first","9":"instock","10":"shipping-taxable","11":"purchasable","12":"product-type-simple"},"ams_default_variation_id":0,"ams_product_points_reward":[],"ams_product_discount_percentage":0,"ams_price_to_display":9500,"ams_acf":[],"jetpack_sharing_enabled":true,"_links":{"self":[{"href":"https:\/\/solucionsolar.cl\/solar\/wp-json\/wp\/v2\/product\/1457","targetHints":{"allow":["GET"]}}],"collection":[{"href":"https:\/\/solucionsolar.cl\/solar\/wp-json\/wp\/v2\/product"}],"about":[{"href":"https:\/\/solucionsolar.cl\/solar\/wp-json\/wp\/v2\/types\/product"}],"replies":[{"embeddable":true,"href":"https:\/\/solucionsolar.cl\/solar\/wp-json\/wp\/v2\/comments?post=1457"}],"wp:featuredmedia":[{"embeddable":true,"href":"https:\/\/solucionsolar.cl\/solar\/wp-json\/wp\/v2\/media\/1193"}],"wp:attachment":[{"href":"https:\/\/solucionsolar.cl\/solar\/wp-json\/wp\/v2\/media?parent=1457"}],"wp:term":[{"taxonomy":"product_brand","embeddable":true,"href":"https:\/\/solucionsolar.cl\/solar\/wp-json\/wp\/v2\/product_brand?post=1457"},{"taxonomy":"product_cat","embeddable":true,"href":"https:\/\/solucionsolar.cl\/solar\/wp-json\/wp\/v2\/product_cat?post=1457"},{"taxonomy":"product_tag","embeddable":true,"href":"https:\/\/solucionsolar.cl\/solar\/wp-json\/wp\/v2\/product_tag?post=1457"}],"curies":[{"name":"wp","href":"https:\/\/api.w.org\/{rel}","templated":true}]}}