{"id":1470,"date":"2023-05-13T22:55:39","date_gmt":"2023-05-13T22:55:39","guid":{"rendered":"https:\/\/solucionsolar.cl\/solar\/producto\/kit-solar-100w-v2\/"},"modified":"2023-05-13T22:55:39","modified_gmt":"2023-05-13T22:55:39","slug":"kit-solar-100w-v2","status":"publish","type":"product","link":"https:\/\/solucionsolar.cl\/solar\/producto\/kit-solar-100w-v2\/","title":{"rendered":"Kit solar 100W V2"},"content":{"rendered":"<p>El Kit solar 100W V2 es un sistema fotovoltaico que consta de un panel solar monocristalino de 100W, un controlador de carga solar de 10 amperios, un par de conectores MC4 para la conexi\u00f3n del panel solar y una pareja de cables con terminales para la conexi\u00f3n del controlador de carga con la bater\u00eda.<\/p>\n","protected":false},"excerpt":{"rendered":"<p>El Kit solar 100W V2 es un sistema fotovoltaico que consta de un panel solar monocristalino de 100W, un controlador de carga solar de 10 amperios, un par de conectores MC4 para la conexi\u00f3n del panel solar y una pareja de cables con terminales para la conexi\u00f3n del controlador de carga con la bater\u00eda.<\/p>\n","protected":false},"featured_media":1469,"comment_status":"open","ping_status":"closed","template":"","meta":{"_joinchat":[]},"product_brand":[],"product_cat":[31],"product_tag":[],"class_list":{"0":"post-1470","1":"product","2":"type-product","3":"status-publish","4":"has-post-thumbnail","6":"product_cat-solar","8":"first","9":"instock","10":"shipping-taxable","11":"purchasable","12":"product-type-simple"},"ams_default_variation_id":0,"ams_product_points_reward":[],"ams_product_discount_percentage":0,"ams_price_to_display":50000,"ams_acf":[],"jetpack_sharing_enabled":true,"_links":{"self":[{"href":"https:\/\/solucionsolar.cl\/solar\/wp-json\/wp\/v2\/product\/1470","targetHints":{"allow":["GET"]}}],"collection":[{"href":"https:\/\/solucionsolar.cl\/solar\/wp-json\/wp\/v2\/product"}],"about":[{"href":"https:\/\/solucionsolar.cl\/solar\/wp-json\/wp\/v2\/types\/product"}],"replies":[{"embeddable":true,"href":"https:\/\/solucionsolar.cl\/solar\/wp-json\/wp\/v2\/comments?post=1470"}],"wp:featuredmedia":[{"embeddable":true,"href":"https:\/\/solucionsolar.cl\/solar\/wp-json\/wp\/v2\/media\/1469"}],"wp:attachment":[{"href":"https:\/\/solucionsolar.cl\/solar\/wp-json\/wp\/v2\/media?parent=1470"}],"wp:term":[{"taxonomy":"product_brand","embeddable":true,"href":"https:\/\/solucionsolar.cl\/solar\/wp-json\/wp\/v2\/product_brand?post=1470"},{"taxonomy":"product_cat","embeddable":true,"href":"https:\/\/solucionsolar.cl\/solar\/wp-json\/wp\/v2\/product_cat?post=1470"},{"taxonomy":"product_tag","embeddable":true,"href":"https:\/\/solucionsolar.cl\/solar\/wp-json\/wp\/v2\/product_tag?post=1470"}],"curies":[{"name":"wp","href":"https:\/\/api.w.org\/{rel}","templated":true}]}}