{"id":148,"date":"2023-05-13T22:22:29","date_gmt":"2023-05-13T22:22:29","guid":{"rendered":"https:\/\/solucionsolar.cl\/solar\/producto\/prensaestopa-plastica-pg-9-4-8mm-c-tuerca\/"},"modified":"2023-05-13T22:22:29","modified_gmt":"2023-05-13T22:22:29","slug":"prensaestopa-plastica-pg-9-4-8mm-c-tuerca","status":"publish","type":"product","link":"https:\/\/solucionsolar.cl\/solar\/producto\/prensaestopa-plastica-pg-9-4-8mm-c-tuerca\/","title":{"rendered":"Prensaestopa pl\u00e1stica PG 9 4-8mm c\/tuerca"},"content":{"rendered":"<p>El prensaestopa pl\u00e1stico PG 9 4-8mm con tuerca es un accesorio de conexi\u00f3n utilizado en instalaciones el\u00e9ctricas para asegurar el cableado y prevenir la entrada de polvo y l\u00edquidos en los puntos de entrada y salida de los cables. Tiene un di\u00e1metro de 9mm y es compatible con cables de 4-8mm de grosor.<\/p>\n","protected":false},"excerpt":{"rendered":"<p>El prensaestopa pl\u00e1stico PG 9 4-8mm con tuerca es un accesorio de conexi\u00f3n utilizado en instalaciones el\u00e9ctricas para asegurar el cableado y prevenir la entrada de polvo y l\u00edquidos en los puntos de entrada y salida de los cables. Tiene un di\u00e1metro de 9mm y es compatible con cables de 4-8mm de grosor.<\/p>\n","protected":false},"featured_media":147,"comment_status":"open","ping_status":"closed","template":"","meta":{"_joinchat":[]},"product_brand":[],"product_cat":[17],"product_tag":[],"class_list":{"0":"post-148","1":"product","2":"type-product","3":"status-publish","4":"has-post-thumbnail","6":"product_cat-ferreteria","8":"first","9":"instock","10":"shipping-taxable","11":"purchasable","12":"product-type-simple"},"ams_default_variation_id":0,"ams_product_points_reward":[],"ams_product_discount_percentage":0,"ams_price_to_display":240,"ams_acf":[],"jetpack_sharing_enabled":true,"_links":{"self":[{"href":"https:\/\/solucionsolar.cl\/solar\/wp-json\/wp\/v2\/product\/148","targetHints":{"allow":["GET"]}}],"collection":[{"href":"https:\/\/solucionsolar.cl\/solar\/wp-json\/wp\/v2\/product"}],"about":[{"href":"https:\/\/solucionsolar.cl\/solar\/wp-json\/wp\/v2\/types\/product"}],"replies":[{"embeddable":true,"href":"https:\/\/solucionsolar.cl\/solar\/wp-json\/wp\/v2\/comments?post=148"}],"wp:featuredmedia":[{"embeddable":true,"href":"https:\/\/solucionsolar.cl\/solar\/wp-json\/wp\/v2\/media\/147"}],"wp:attachment":[{"href":"https:\/\/solucionsolar.cl\/solar\/wp-json\/wp\/v2\/media?parent=148"}],"wp:term":[{"taxonomy":"product_brand","embeddable":true,"href":"https:\/\/solucionsolar.cl\/solar\/wp-json\/wp\/v2\/product_brand?post=148"},{"taxonomy":"product_cat","embeddable":true,"href":"https:\/\/solucionsolar.cl\/solar\/wp-json\/wp\/v2\/product_cat?post=148"},{"taxonomy":"product_tag","embeddable":true,"href":"https:\/\/solucionsolar.cl\/solar\/wp-json\/wp\/v2\/product_tag?post=148"}],"curies":[{"name":"wp","href":"https:\/\/api.w.org\/{rel}","templated":true}]}}