{"id":164,"date":"2023-05-13T22:22:46","date_gmt":"2023-05-13T22:22:46","guid":{"rendered":"https:\/\/solucionsolar.cl\/solar\/producto\/grampa-de-retencion-preensamblado\/"},"modified":"2023-05-13T22:22:46","modified_gmt":"2023-05-13T22:22:46","slug":"grampa-de-retencion-preensamblado","status":"publish","type":"product","link":"https:\/\/solucionsolar.cl\/solar\/producto\/grampa-de-retencion-preensamblado\/","title":{"rendered":"Grampa de retenci\u00f3n preensamblado"},"content":{"rendered":"<p>Dispositivos de anclaje para conductores de aluminio preensamblado , cuerpo de pl\u00e1stico resistente a los rayos UV, con gancho de acero inoxidable, se utilizan para ajustar el conductor sin da\u00f1ar su aislaci\u00f3n.<\/p>\n","protected":false},"excerpt":{"rendered":"<p>Dispositivos de anclaje para conductores de aluminio preensamblado , cuerpo de pl\u00e1stico resistente a los rayos UV, con gancho de acero inoxidable, se utilizan para ajustar el conductor sin da\u00f1ar su aislaci\u00f3n.<\/p>\n","protected":false},"featured_media":163,"comment_status":"open","ping_status":"closed","template":"","meta":{"_joinchat":[]},"product_brand":[],"product_cat":[26,17],"product_tag":[],"class_list":{"0":"post-164","1":"product","2":"type-product","3":"status-publish","4":"has-post-thumbnail","6":"product_cat-empalmes","7":"product_cat-ferreteria","9":"first","10":"instock","11":"shipping-taxable","12":"purchasable","13":"product-type-simple"},"ams_default_variation_id":0,"ams_product_points_reward":[],"ams_product_discount_percentage":0,"ams_price_to_display":1800,"ams_acf":[],"jetpack_sharing_enabled":true,"_links":{"self":[{"href":"https:\/\/solucionsolar.cl\/solar\/wp-json\/wp\/v2\/product\/164","targetHints":{"allow":["GET"]}}],"collection":[{"href":"https:\/\/solucionsolar.cl\/solar\/wp-json\/wp\/v2\/product"}],"about":[{"href":"https:\/\/solucionsolar.cl\/solar\/wp-json\/wp\/v2\/types\/product"}],"replies":[{"embeddable":true,"href":"https:\/\/solucionsolar.cl\/solar\/wp-json\/wp\/v2\/comments?post=164"}],"wp:featuredmedia":[{"embeddable":true,"href":"https:\/\/solucionsolar.cl\/solar\/wp-json\/wp\/v2\/media\/163"}],"wp:attachment":[{"href":"https:\/\/solucionsolar.cl\/solar\/wp-json\/wp\/v2\/media?parent=164"}],"wp:term":[{"taxonomy":"product_brand","embeddable":true,"href":"https:\/\/solucionsolar.cl\/solar\/wp-json\/wp\/v2\/product_brand?post=164"},{"taxonomy":"product_cat","embeddable":true,"href":"https:\/\/solucionsolar.cl\/solar\/wp-json\/wp\/v2\/product_cat?post=164"},{"taxonomy":"product_tag","embeddable":true,"href":"https:\/\/solucionsolar.cl\/solar\/wp-json\/wp\/v2\/product_tag?post=164"}],"curies":[{"name":"wp","href":"https:\/\/api.w.org\/{rel}","templated":true}]}}