{"id":1660,"date":"2023-05-15T22:55:21","date_gmt":"2023-05-15T22:55:21","guid":{"rendered":"https:\/\/solucionsolar.cl\/solar\/producto\/camara-de-registro-110mm-con-tapa-y-salida-20mm\/"},"modified":"2023-05-15T22:55:21","modified_gmt":"2023-05-15T22:55:21","slug":"camara-de-registro-110mm-con-tapa-y-salida-20mm","status":"publish","type":"product","link":"https:\/\/solucionsolar.cl\/solar\/producto\/camara-de-registro-110mm-con-tapa-y-salida-20mm\/","title":{"rendered":"C\u00e1mara de registro 110mm con tapa y salida 20mm"},"content":{"rendered":"<p>La C\u00e1mara de Registro con Tapa PVC NARANJO es de f\u00e1cil instalaci\u00f3n, lo que la hace ideal para proyectos de obra civil que requieran rapidez y eficiencia. Adem\u00e1s, cuenta con una tapa de PVC naranja que se adapta perfectamente al entorno urbano, lo que la hace f\u00e1cilmente reconocible y accesible.<\/p>\n","protected":false},"excerpt":{"rendered":"<p>La C\u00e1mara de Registro con Tapa PVC NARANJO es de f\u00e1cil instalaci\u00f3n, lo que la hace ideal para proyectos de obra civil que requieran rapidez y eficiencia. Adem\u00e1s, cuenta con una tapa de PVC naranja que se adapta perfectamente al entorno urbano, lo que la hace f\u00e1cilmente reconocible y accesible.<\/p>\n","protected":false},"featured_media":1645,"comment_status":"open","ping_status":"closed","template":"","meta":{"_joinchat":[]},"product_brand":[],"product_cat":[26,17],"product_tag":[],"class_list":{"0":"post-1660","1":"product","2":"type-product","3":"status-publish","4":"has-post-thumbnail","6":"product_cat-empalmes","7":"product_cat-ferreteria","9":"first","10":"instock","11":"shipping-taxable","12":"purchasable","13":"product-type-simple"},"ams_default_variation_id":0,"ams_product_points_reward":[],"ams_product_discount_percentage":0,"ams_price_to_display":3000,"ams_acf":[],"jetpack_sharing_enabled":true,"_links":{"self":[{"href":"https:\/\/solucionsolar.cl\/solar\/wp-json\/wp\/v2\/product\/1660","targetHints":{"allow":["GET"]}}],"collection":[{"href":"https:\/\/solucionsolar.cl\/solar\/wp-json\/wp\/v2\/product"}],"about":[{"href":"https:\/\/solucionsolar.cl\/solar\/wp-json\/wp\/v2\/types\/product"}],"replies":[{"embeddable":true,"href":"https:\/\/solucionsolar.cl\/solar\/wp-json\/wp\/v2\/comments?post=1660"}],"wp:featuredmedia":[{"embeddable":true,"href":"https:\/\/solucionsolar.cl\/solar\/wp-json\/wp\/v2\/media\/1645"}],"wp:attachment":[{"href":"https:\/\/solucionsolar.cl\/solar\/wp-json\/wp\/v2\/media?parent=1660"}],"wp:term":[{"taxonomy":"product_brand","embeddable":true,"href":"https:\/\/solucionsolar.cl\/solar\/wp-json\/wp\/v2\/product_brand?post=1660"},{"taxonomy":"product_cat","embeddable":true,"href":"https:\/\/solucionsolar.cl\/solar\/wp-json\/wp\/v2\/product_cat?post=1660"},{"taxonomy":"product_tag","embeddable":true,"href":"https:\/\/solucionsolar.cl\/solar\/wp-json\/wp\/v2\/product_tag?post=1660"}],"curies":[{"name":"wp","href":"https:\/\/api.w.org\/{rel}","templated":true}]}}