{"id":1671,"date":"2023-05-15T22:55:39","date_gmt":"2023-05-15T22:55:39","guid":{"rendered":"https:\/\/solucionsolar.cl\/solar\/producto\/hacha-1-000-gr-mango-corto\/"},"modified":"2023-05-15T22:55:39","modified_gmt":"2023-05-15T22:55:39","slug":"hacha-1-000-gr-mango-corto","status":"publish","type":"product","link":"https:\/\/solucionsolar.cl\/solar\/producto\/hacha-1-000-gr-mango-corto\/","title":{"rendered":"Hacha 1.000 gr mango corto"},"content":{"rendered":"<p>El hacha de 1.000 gramos con mango corto es una herramienta manual de corte dise\u00f1ada para tareas de corte y desrame en la le\u00f1a y madera en general. Su tama\u00f1o y peso lo hacen adecuado para trabajos de corte en \u00e1reas reducidas, donde se requiere una mayor precisi\u00f3n.<\/p>\n","protected":false},"excerpt":{"rendered":"<p>El hacha de 1.000 gramos con mango corto es una herramienta manual de corte dise\u00f1ada para tareas de corte y desrame en la le\u00f1a y madera en general. Su tama\u00f1o y peso lo hacen adecuado para trabajos de corte en \u00e1reas reducidas, donde se requiere una mayor precisi\u00f3n.<\/p>\n","protected":false},"featured_media":1670,"comment_status":"open","ping_status":"closed","template":"","meta":{"_joinchat":[]},"product_brand":[],"product_cat":[23,29],"product_tag":[],"class_list":{"0":"post-1671","1":"product","2":"type-product","3":"status-publish","4":"has-post-thumbnail","6":"product_cat-casa-y-jardin","7":"product_cat-herramientas","9":"first","10":"instock","11":"shipping-taxable","12":"purchasable","13":"product-type-simple"},"ams_default_variation_id":0,"ams_product_points_reward":[],"ams_product_discount_percentage":0,"ams_price_to_display":7500,"ams_acf":[],"jetpack_sharing_enabled":true,"_links":{"self":[{"href":"https:\/\/solucionsolar.cl\/solar\/wp-json\/wp\/v2\/product\/1671","targetHints":{"allow":["GET"]}}],"collection":[{"href":"https:\/\/solucionsolar.cl\/solar\/wp-json\/wp\/v2\/product"}],"about":[{"href":"https:\/\/solucionsolar.cl\/solar\/wp-json\/wp\/v2\/types\/product"}],"replies":[{"embeddable":true,"href":"https:\/\/solucionsolar.cl\/solar\/wp-json\/wp\/v2\/comments?post=1671"}],"wp:featuredmedia":[{"embeddable":true,"href":"https:\/\/solucionsolar.cl\/solar\/wp-json\/wp\/v2\/media\/1670"}],"wp:attachment":[{"href":"https:\/\/solucionsolar.cl\/solar\/wp-json\/wp\/v2\/media?parent=1671"}],"wp:term":[{"taxonomy":"product_brand","embeddable":true,"href":"https:\/\/solucionsolar.cl\/solar\/wp-json\/wp\/v2\/product_brand?post=1671"},{"taxonomy":"product_cat","embeddable":true,"href":"https:\/\/solucionsolar.cl\/solar\/wp-json\/wp\/v2\/product_cat?post=1671"},{"taxonomy":"product_tag","embeddable":true,"href":"https:\/\/solucionsolar.cl\/solar\/wp-json\/wp\/v2\/product_tag?post=1671"}],"curies":[{"name":"wp","href":"https:\/\/api.w.org\/{rel}","templated":true}]}}