{"id":1751,"date":"2023-05-15T22:58:49","date_gmt":"2023-05-15T22:58:49","guid":{"rendered":"https:\/\/solucionsolar.cl\/solar\/producto\/conector-camara-dc-hembra-2-pin\/"},"modified":"2023-05-15T22:58:49","modified_gmt":"2023-05-15T22:58:49","slug":"conector-camara-dc-hembra-2-pin","status":"publish","type":"product","link":"https:\/\/solucionsolar.cl\/solar\/producto\/conector-camara-dc-hembra-2-pin\/","title":{"rendered":"Conector c\u00e1mara DC hembra 2 PIN"},"content":{"rendered":"<p>Es un tipo de conector utilizado para la conexi\u00f3n de c\u00e1maras de seguridad, c\u00e1maras de vigilancia y otros dispositivos electr\u00f3nicos que requieren alimentaci\u00f3n el\u00e9ctrica de CC. Este conector cuenta con dos pines o terminales, uno positivo y otro negativo, que permiten la conexi\u00f3n de los cables de alimentaci\u00f3n de CC a la c\u00e1mara u otro dispositivo.<\/p>\n","protected":false},"excerpt":{"rendered":"<p>Es un tipo de conector utilizado para la conexi\u00f3n de c\u00e1maras de seguridad, c\u00e1maras de vigilancia y otros dispositivos electr\u00f3nicos que requieren alimentaci\u00f3n el\u00e9ctrica de CC. Este conector cuenta con dos pines o terminales, uno positivo y otro negativo, que permiten la conexi\u00f3n de los cables de alimentaci\u00f3n de CC a la c\u00e1mara u otro dispositivo.<\/p>\n","protected":false},"featured_media":1750,"comment_status":"open","ping_status":"closed","template":"","meta":{"_joinchat":[]},"product_brand":[],"product_cat":[16],"product_tag":[],"class_list":{"0":"post-1751","1":"product","2":"type-product","3":"status-publish","4":"has-post-thumbnail","6":"product_cat-electricidad","8":"first","9":"instock","10":"shipping-taxable","11":"purchasable","12":"product-type-simple"},"ams_default_variation_id":0,"ams_product_points_reward":[],"ams_product_discount_percentage":0,"ams_price_to_display":650,"ams_acf":[],"jetpack_sharing_enabled":true,"_links":{"self":[{"href":"https:\/\/solucionsolar.cl\/solar\/wp-json\/wp\/v2\/product\/1751","targetHints":{"allow":["GET"]}}],"collection":[{"href":"https:\/\/solucionsolar.cl\/solar\/wp-json\/wp\/v2\/product"}],"about":[{"href":"https:\/\/solucionsolar.cl\/solar\/wp-json\/wp\/v2\/types\/product"}],"replies":[{"embeddable":true,"href":"https:\/\/solucionsolar.cl\/solar\/wp-json\/wp\/v2\/comments?post=1751"}],"wp:featuredmedia":[{"embeddable":true,"href":"https:\/\/solucionsolar.cl\/solar\/wp-json\/wp\/v2\/media\/1750"}],"wp:attachment":[{"href":"https:\/\/solucionsolar.cl\/solar\/wp-json\/wp\/v2\/media?parent=1751"}],"wp:term":[{"taxonomy":"product_brand","embeddable":true,"href":"https:\/\/solucionsolar.cl\/solar\/wp-json\/wp\/v2\/product_brand?post=1751"},{"taxonomy":"product_cat","embeddable":true,"href":"https:\/\/solucionsolar.cl\/solar\/wp-json\/wp\/v2\/product_cat?post=1751"},{"taxonomy":"product_tag","embeddable":true,"href":"https:\/\/solucionsolar.cl\/solar\/wp-json\/wp\/v2\/product_tag?post=1751"}],"curies":[{"name":"wp","href":"https:\/\/api.w.org\/{rel}","templated":true}]}}