{"id":1758,"date":"2023-05-15T22:59:07","date_gmt":"2023-05-15T22:59:07","guid":{"rendered":"https:\/\/solucionsolar.cl\/solar\/producto\/transformador-12v-2-0a-c-cable\/"},"modified":"2023-05-15T22:59:07","modified_gmt":"2023-05-15T22:59:07","slug":"transformador-12v-2-0a-c-cable","status":"publish","type":"product","link":"https:\/\/solucionsolar.cl\/solar\/producto\/transformador-12v-2-0a-c-cable\/","title":{"rendered":"Transformador 12V 2.0A c\/cable"},"content":{"rendered":"<p>Es un dispositivo que se utiliza para convertir la corriente alterna (AC) en corriente continua (DC) a una tensi\u00f3n de 12V y una corriente m\u00e1xima de 2.0 amperios. Es com\u00fanmente utilizado para alimentar dispositivos electr\u00f3nicos que funcionan con una fuente de alimentaci\u00f3n de 12V DC, como tiras de LED, c\u00e1maras de seguridad, routers, m\u00f3dems, y otros equipos electr\u00f3nicos similares.<\/p>\n","protected":false},"excerpt":{"rendered":"<p>Es un dispositivo que se utiliza para convertir la corriente alterna (AC) en corriente continua (DC) a una tensi\u00f3n de 12V y una corriente m\u00e1xima de 2.0 amperios. Es com\u00fanmente utilizado para alimentar dispositivos electr\u00f3nicos que funcionan con una fuente de alimentaci\u00f3n de 12V DC, como tiras de LED, c\u00e1maras de seguridad, routers, m\u00f3dems, y otros equipos electr\u00f3nicos similares.<\/p>\n","protected":false},"featured_media":0,"comment_status":"open","ping_status":"closed","template":"","meta":{"_joinchat":[]},"product_brand":[],"product_cat":[16],"product_tag":[],"class_list":{"0":"post-1758","1":"product","2":"type-product","3":"status-publish","5":"product_cat-electricidad","7":"first","8":"instock","9":"shipping-taxable","10":"purchasable","11":"product-type-simple"},"ams_default_variation_id":0,"ams_product_points_reward":[],"ams_product_discount_percentage":0,"ams_price_to_display":7000,"ams_acf":[],"jetpack_sharing_enabled":true,"_links":{"self":[{"href":"https:\/\/solucionsolar.cl\/solar\/wp-json\/wp\/v2\/product\/1758","targetHints":{"allow":["GET"]}}],"collection":[{"href":"https:\/\/solucionsolar.cl\/solar\/wp-json\/wp\/v2\/product"}],"about":[{"href":"https:\/\/solucionsolar.cl\/solar\/wp-json\/wp\/v2\/types\/product"}],"replies":[{"embeddable":true,"href":"https:\/\/solucionsolar.cl\/solar\/wp-json\/wp\/v2\/comments?post=1758"}],"wp:attachment":[{"href":"https:\/\/solucionsolar.cl\/solar\/wp-json\/wp\/v2\/media?parent=1758"}],"wp:term":[{"taxonomy":"product_brand","embeddable":true,"href":"https:\/\/solucionsolar.cl\/solar\/wp-json\/wp\/v2\/product_brand?post=1758"},{"taxonomy":"product_cat","embeddable":true,"href":"https:\/\/solucionsolar.cl\/solar\/wp-json\/wp\/v2\/product_cat?post=1758"},{"taxonomy":"product_tag","embeddable":true,"href":"https:\/\/solucionsolar.cl\/solar\/wp-json\/wp\/v2\/product_tag?post=1758"}],"curies":[{"name":"wp","href":"https:\/\/api.w.org\/{rel}","templated":true}]}}