{"id":1768,"date":"2023-05-15T22:59:32","date_gmt":"2023-05-15T22:59:32","guid":{"rendered":"https:\/\/solucionsolar.cl\/solar\/producto\/ups-500va-250w-4-out-220v-forza\/"},"modified":"2023-05-15T22:59:32","modified_gmt":"2023-05-15T22:59:32","slug":"ups-500va-250w-4-out-220v-forza","status":"publish","type":"product","link":"https:\/\/solucionsolar.cl\/solar\/producto\/ups-500va-250w-4-out-220v-forza\/","title":{"rendered":"UPS 500VA 250W 4 OUT 220V FORZA"},"content":{"rendered":"<p>La serie NT de Forza est\u00e1 dise\u00f1ada para brindar protecci\u00f3n el\u00e9ctrica a su computadora personal y perif\u00e9ricos. Su dise\u00f1o compacto convierte a esta serie en la opci\u00f3n perfecta para espacios de trabajo limitados en la oficina y el hogar. Aunque peque\u00f1a en tama\u00f1o, proporciona la m\u00e1xima protecci\u00f3n ante la constante amenaza de fallas en el suministro el\u00e9ctrico.<\/p>\n","protected":false},"excerpt":{"rendered":"<p>La serie NT de Forza est\u00e1 dise\u00f1ada para brindar protecci\u00f3n el\u00e9ctrica a su computadora personal y perif\u00e9ricos. Su dise\u00f1o compacto convierte a esta serie en la opci\u00f3n perfecta para espacios de trabajo limitados en la oficina y el hogar. Aunque peque\u00f1a en tama\u00f1o, proporciona la m\u00e1xima protecci\u00f3n ante la constante amenaza de fallas en el suministro el\u00e9ctrico.<\/p>\n","protected":false},"featured_media":1767,"comment_status":"open","ping_status":"closed","template":"","meta":{"_joinchat":[]},"product_brand":[],"product_cat":[16],"product_tag":[],"class_list":{"0":"post-1768","1":"product","2":"type-product","3":"status-publish","4":"has-post-thumbnail","6":"product_cat-electricidad","8":"first","9":"instock","10":"shipping-taxable","11":"purchasable","12":"product-type-simple"},"ams_default_variation_id":0,"ams_product_points_reward":[],"ams_product_discount_percentage":0,"ams_price_to_display":70000,"ams_acf":[],"jetpack_sharing_enabled":true,"_links":{"self":[{"href":"https:\/\/solucionsolar.cl\/solar\/wp-json\/wp\/v2\/product\/1768","targetHints":{"allow":["GET"]}}],"collection":[{"href":"https:\/\/solucionsolar.cl\/solar\/wp-json\/wp\/v2\/product"}],"about":[{"href":"https:\/\/solucionsolar.cl\/solar\/wp-json\/wp\/v2\/types\/product"}],"replies":[{"embeddable":true,"href":"https:\/\/solucionsolar.cl\/solar\/wp-json\/wp\/v2\/comments?post=1768"}],"wp:featuredmedia":[{"embeddable":true,"href":"https:\/\/solucionsolar.cl\/solar\/wp-json\/wp\/v2\/media\/1767"}],"wp:attachment":[{"href":"https:\/\/solucionsolar.cl\/solar\/wp-json\/wp\/v2\/media?parent=1768"}],"wp:term":[{"taxonomy":"product_brand","embeddable":true,"href":"https:\/\/solucionsolar.cl\/solar\/wp-json\/wp\/v2\/product_brand?post=1768"},{"taxonomy":"product_cat","embeddable":true,"href":"https:\/\/solucionsolar.cl\/solar\/wp-json\/wp\/v2\/product_cat?post=1768"},{"taxonomy":"product_tag","embeddable":true,"href":"https:\/\/solucionsolar.cl\/solar\/wp-json\/wp\/v2\/product_tag?post=1768"}],"curies":[{"name":"wp","href":"https:\/\/api.w.org\/{rel}","templated":true}]}}