{"id":18,"date":"2023-05-13T22:19:21","date_gmt":"2023-05-13T22:19:21","guid":{"rendered":"https:\/\/solucionsolar.cl\/solar\/producto\/tablero-sobrepuesto-pvc-4-polos-ebasee\/"},"modified":"2023-05-13T22:19:21","modified_gmt":"2023-05-13T22:19:21","slug":"tablero-sobrepuesto-pvc-4-polos-ebasee","status":"publish","type":"product","link":"https:\/\/solucionsolar.cl\/solar\/producto\/tablero-sobrepuesto-pvc-4-polos-ebasee\/","title":{"rendered":"Tablero sobrepuesto pvc 4 polos EBASEE"},"content":{"rendered":"<p>El Tablero sobrepuesto PVC 4 polos EBASEE es un dispositivo el\u00e9ctrico que se utiliza para controlar y distribuir la energ\u00eda el\u00e9ctrica en instalaciones residenciales, comerciales e industriales.<\/p>\n<p>Este tablero est\u00e1 dise\u00f1ado con una cubierta de PVC resistente y duradera que protege los componentes el\u00e9ctricos en su interior contra el polvo, la humedad y otros elementos ambientales. Adem\u00e1s, cuenta con 4 polos, que permiten la conexi\u00f3n y desconexi\u00f3n de 4 circuitos el\u00e9ctricos independientes, lo que facilita la gesti\u00f3n de la energ\u00eda en la instalaci\u00f3n.<\/p>\n","protected":false},"excerpt":{"rendered":"<p>El Tablero sobrepuesto PVC 4 polos EBASEE es un dispositivo el\u00e9ctrico que se utiliza para controlar y distribuir la energ\u00eda el\u00e9ctrica en instalaciones residenciales, comerciales e industriales. Este tablero est\u00e1 dise\u00f1ado con una cubierta de PVC resistente y duradera que protege los componentes el\u00e9ctricos en su interior contra el polvo, la humedad y otros elementos ambientales. Adem\u00e1s, cuenta con 4 [&hellip;]<\/p>\n","protected":false},"featured_media":17,"comment_status":"open","ping_status":"closed","template":"","meta":{"_joinchat":[]},"product_brand":[],"product_cat":[16],"product_tag":[],"class_list":{"0":"post-18","1":"product","2":"type-product","3":"status-publish","4":"has-post-thumbnail","6":"product_cat-electricidad","8":"first","9":"instock","10":"shipping-taxable","11":"purchasable","12":"product-type-simple"},"ams_default_variation_id":0,"ams_product_points_reward":[],"ams_product_discount_percentage":0,"ams_price_to_display":4500,"ams_acf":[],"jetpack_sharing_enabled":true,"_links":{"self":[{"href":"https:\/\/solucionsolar.cl\/solar\/wp-json\/wp\/v2\/product\/18","targetHints":{"allow":["GET"]}}],"collection":[{"href":"https:\/\/solucionsolar.cl\/solar\/wp-json\/wp\/v2\/product"}],"about":[{"href":"https:\/\/solucionsolar.cl\/solar\/wp-json\/wp\/v2\/types\/product"}],"replies":[{"embeddable":true,"href":"https:\/\/solucionsolar.cl\/solar\/wp-json\/wp\/v2\/comments?post=18"}],"wp:featuredmedia":[{"embeddable":true,"href":"https:\/\/solucionsolar.cl\/solar\/wp-json\/wp\/v2\/media\/17"}],"wp:attachment":[{"href":"https:\/\/solucionsolar.cl\/solar\/wp-json\/wp\/v2\/media?parent=18"}],"wp:term":[{"taxonomy":"product_brand","embeddable":true,"href":"https:\/\/solucionsolar.cl\/solar\/wp-json\/wp\/v2\/product_brand?post=18"},{"taxonomy":"product_cat","embeddable":true,"href":"https:\/\/solucionsolar.cl\/solar\/wp-json\/wp\/v2\/product_cat?post=18"},{"taxonomy":"product_tag","embeddable":true,"href":"https:\/\/solucionsolar.cl\/solar\/wp-json\/wp\/v2\/product_tag?post=18"}],"curies":[{"name":"wp","href":"https:\/\/api.w.org\/{rel}","templated":true}]}}