{"id":1828,"date":"2023-05-15T23:02:33","date_gmt":"2023-05-15T23:02:33","guid":{"rendered":"https:\/\/solucionsolar.cl\/solar\/producto\/medidor-mecanico-monofasico-10-50a-certificado-ekoline\/"},"modified":"2023-05-15T23:02:33","modified_gmt":"2023-05-15T23:02:33","slug":"medidor-mecanico-monofasico-10-50a-certificado-ekoline","status":"publish","type":"product","link":"https:\/\/solucionsolar.cl\/solar\/producto\/medidor-mecanico-monofasico-10-50a-certificado-ekoline\/","title":{"rendered":"Medidor mec\u00e1nico monof\u00e1sico 10\/50A Certificado EKOLINE"},"content":{"rendered":"<p>El medidor mec\u00e1nico monof\u00e1sico 10\/50A Certificado EKOLINE es un dispositivo de medici\u00f3n de energ\u00eda el\u00e9ctrica que utiliza tecnolog\u00eda mec\u00e1nica para registrar el consumo de electricidad en hogares y peque\u00f1as empresas. Este medidor tiene una capacidad de medici\u00f3n de 10 amperios como m\u00ednimo y 50 amperios como m\u00e1ximo, y ha sido certificado para cumplir con los est\u00e1ndares de seguridad y precisi\u00f3n establecidos por las autoridades reguladoras.<\/p>\n","protected":false},"excerpt":{"rendered":"<p>El medidor mec\u00e1nico monof\u00e1sico 10\/50A Certificado EKOLINE es un dispositivo de medici\u00f3n de energ\u00eda el\u00e9ctrica que utiliza tecnolog\u00eda mec\u00e1nica para registrar el consumo de electricidad en hogares y peque\u00f1as empresas. Este medidor tiene una capacidad de medici\u00f3n de 10 amperios como m\u00ednimo y 50 amperios como m\u00e1ximo, y ha sido certificado para cumplir con los est\u00e1ndares de seguridad y precisi\u00f3n [&hellip;]<\/p>\n","protected":false},"featured_media":1827,"comment_status":"open","ping_status":"closed","template":"","meta":{"_joinchat":[]},"product_brand":[],"product_cat":[26,43],"product_tag":[],"class_list":{"0":"post-1828","1":"product","2":"type-product","3":"status-publish","4":"has-post-thumbnail","6":"product_cat-empalmes","7":"product_cat-medidores","9":"first","10":"instock","11":"shipping-taxable","12":"purchasable","13":"product-type-simple"},"ams_default_variation_id":0,"ams_product_points_reward":[],"ams_product_discount_percentage":0,"ams_price_to_display":23900,"ams_acf":[],"jetpack_sharing_enabled":true,"_links":{"self":[{"href":"https:\/\/solucionsolar.cl\/solar\/wp-json\/wp\/v2\/product\/1828","targetHints":{"allow":["GET"]}}],"collection":[{"href":"https:\/\/solucionsolar.cl\/solar\/wp-json\/wp\/v2\/product"}],"about":[{"href":"https:\/\/solucionsolar.cl\/solar\/wp-json\/wp\/v2\/types\/product"}],"replies":[{"embeddable":true,"href":"https:\/\/solucionsolar.cl\/solar\/wp-json\/wp\/v2\/comments?post=1828"}],"wp:featuredmedia":[{"embeddable":true,"href":"https:\/\/solucionsolar.cl\/solar\/wp-json\/wp\/v2\/media\/1827"}],"wp:attachment":[{"href":"https:\/\/solucionsolar.cl\/solar\/wp-json\/wp\/v2\/media?parent=1828"}],"wp:term":[{"taxonomy":"product_brand","embeddable":true,"href":"https:\/\/solucionsolar.cl\/solar\/wp-json\/wp\/v2\/product_brand?post=1828"},{"taxonomy":"product_cat","embeddable":true,"href":"https:\/\/solucionsolar.cl\/solar\/wp-json\/wp\/v2\/product_cat?post=1828"},{"taxonomy":"product_tag","embeddable":true,"href":"https:\/\/solucionsolar.cl\/solar\/wp-json\/wp\/v2\/product_tag?post=1828"}],"curies":[{"name":"wp","href":"https:\/\/api.w.org\/{rel}","templated":true}]}}