{"id":1832,"date":"2023-05-15T23:02:44","date_gmt":"2023-05-15T23:02:44","guid":{"rendered":"https:\/\/solucionsolar.cl\/solar\/producto\/enchufe-hembra-sobrepuesta-32a-3pt-10-rojo-gewiss\/"},"modified":"2023-05-15T23:02:44","modified_gmt":"2023-05-15T23:02:44","slug":"enchufe-hembra-sobrepuesta-32a-3pt-10-rojo-gewiss","status":"publish","type":"product","link":"https:\/\/solucionsolar.cl\/solar\/producto\/enchufe-hembra-sobrepuesta-32a-3pt-10-rojo-gewiss\/","title":{"rendered":"Enchufe Hembra sobrepuesta 32A 3P+T 10\u00b0 Rojo GEWISS"},"content":{"rendered":"<p>\u00abEnchufe Hembra sobrepuesta 32A 3P+T 10\u00b0 Rojo GEWISS\u00bb es un enchufe el\u00e9ctrico trif\u00e1sico de alta corriente dise\u00f1ado para su uso en aplicaciones industriales y comerciales. Tiene una capacidad de carga m\u00e1xima de 32 amperios y es adecuado para la conexi\u00f3n de equipos el\u00e9ctricos de alta potencia. El enchufe tiene tres polos m\u00e1s un polo de tierra (3P+T) y est\u00e1 dise\u00f1ado para montarse en una caja sobrepuesta. Adem\u00e1s, cuenta con una orientaci\u00f3n de 10 grados que facilita su uso en espacios reducidos y una carcasa de color rojo que lo identifica como un dispositivo trif\u00e1sico de alta corriente. \u00abGEWISS\u00bb es el nombre de la marca del fabricante.<\/p>\n","protected":false},"excerpt":{"rendered":"<p>\u00abEnchufe Hembra sobrepuesta 32A 3P+T 10\u00b0 Rojo GEWISS\u00bb es un enchufe el\u00e9ctrico trif\u00e1sico de alta corriente dise\u00f1ado para su uso en aplicaciones industriales y comerciales. Tiene una capacidad de carga m\u00e1xima de 32 amperios y es adecuado para la conexi\u00f3n de equipos el\u00e9ctricos de alta potencia. El enchufe tiene tres polos m\u00e1s un polo de tierra (3P+T) y est\u00e1 dise\u00f1ado [&hellip;]<\/p>\n","protected":false},"featured_media":1831,"comment_status":"open","ping_status":"closed","template":"","meta":{"_joinchat":[]},"product_brand":[],"product_cat":[16],"product_tag":[],"class_list":{"0":"post-1832","1":"product","2":"type-product","3":"status-publish","4":"has-post-thumbnail","6":"product_cat-electricidad","8":"first","9":"instock","10":"shipping-taxable","11":"purchasable","12":"product-type-simple"},"ams_default_variation_id":0,"ams_product_points_reward":[],"ams_product_discount_percentage":0,"ams_price_to_display":17900,"ams_acf":[],"jetpack_sharing_enabled":true,"_links":{"self":[{"href":"https:\/\/solucionsolar.cl\/solar\/wp-json\/wp\/v2\/product\/1832","targetHints":{"allow":["GET"]}}],"collection":[{"href":"https:\/\/solucionsolar.cl\/solar\/wp-json\/wp\/v2\/product"}],"about":[{"href":"https:\/\/solucionsolar.cl\/solar\/wp-json\/wp\/v2\/types\/product"}],"replies":[{"embeddable":true,"href":"https:\/\/solucionsolar.cl\/solar\/wp-json\/wp\/v2\/comments?post=1832"}],"wp:featuredmedia":[{"embeddable":true,"href":"https:\/\/solucionsolar.cl\/solar\/wp-json\/wp\/v2\/media\/1831"}],"wp:attachment":[{"href":"https:\/\/solucionsolar.cl\/solar\/wp-json\/wp\/v2\/media?parent=1832"}],"wp:term":[{"taxonomy":"product_brand","embeddable":true,"href":"https:\/\/solucionsolar.cl\/solar\/wp-json\/wp\/v2\/product_brand?post=1832"},{"taxonomy":"product_cat","embeddable":true,"href":"https:\/\/solucionsolar.cl\/solar\/wp-json\/wp\/v2\/product_cat?post=1832"},{"taxonomy":"product_tag","embeddable":true,"href":"https:\/\/solucionsolar.cl\/solar\/wp-json\/wp\/v2\/product_tag?post=1832"}],"curies":[{"name":"wp","href":"https:\/\/api.w.org\/{rel}","templated":true}]}}