{"id":1858,"date":"2023-05-15T23:04:45","date_gmt":"2023-05-15T23:04:45","guid":{"rendered":"https:\/\/solucionsolar.cl\/solar\/producto\/contenedor-hidrobox-3-modulos-ip55-lexo\/"},"modified":"2023-05-15T23:04:45","modified_gmt":"2023-05-15T23:04:45","slug":"contenedor-hidrobox-3-modulos-ip55-lexo","status":"publish","type":"product","link":"https:\/\/solucionsolar.cl\/solar\/producto\/contenedor-hidrobox-3-modulos-ip55-lexo\/","title":{"rendered":"Contenedor hidrobox 3 m\u00f3dulos IP55 LEXO"},"content":{"rendered":"<p>Es una caja el\u00e9ctrica dise\u00f1ada para proteger los equipos el\u00e9ctricos y electr\u00f3nicos contra el polvo, la humedad y otros factores ambientales adversos. Este contenedor est\u00e1 fabricado con materiales de alta calidad y cuenta con una clasificaci\u00f3n de protecci\u00f3n IP55, lo que significa que es resistente al agua, al polvo y a los impactos. El contenedor es capaz de contener hasta 3 m\u00f3dulos el\u00e9ctricos y es ideal para su uso en aplicaciones industriales, comerciales y residenciales.<\/p>\n","protected":false},"excerpt":{"rendered":"<p>Es una caja el\u00e9ctrica dise\u00f1ada para proteger los equipos el\u00e9ctricos y electr\u00f3nicos contra el polvo, la humedad y otros factores ambientales adversos. Este contenedor est\u00e1 fabricado con materiales de alta calidad y cuenta con una clasificaci\u00f3n de protecci\u00f3n IP55, lo que significa que es resistente al agua, al polvo y a los impactos. El contenedor es capaz de contener hasta [&hellip;]<\/p>\n","protected":false},"featured_media":1857,"comment_status":"open","ping_status":"closed","template":"","meta":{"_joinchat":[]},"product_brand":[],"product_cat":[16],"product_tag":[],"class_list":{"0":"post-1858","1":"product","2":"type-product","3":"status-publish","4":"has-post-thumbnail","6":"product_cat-electricidad","8":"first","9":"instock","10":"shipping-taxable","11":"purchasable","12":"product-type-simple"},"ams_default_variation_id":0,"ams_product_points_reward":[],"ams_product_discount_percentage":0,"ams_price_to_display":7800,"ams_acf":[],"jetpack_sharing_enabled":true,"_links":{"self":[{"href":"https:\/\/solucionsolar.cl\/solar\/wp-json\/wp\/v2\/product\/1858","targetHints":{"allow":["GET"]}}],"collection":[{"href":"https:\/\/solucionsolar.cl\/solar\/wp-json\/wp\/v2\/product"}],"about":[{"href":"https:\/\/solucionsolar.cl\/solar\/wp-json\/wp\/v2\/types\/product"}],"replies":[{"embeddable":true,"href":"https:\/\/solucionsolar.cl\/solar\/wp-json\/wp\/v2\/comments?post=1858"}],"wp:featuredmedia":[{"embeddable":true,"href":"https:\/\/solucionsolar.cl\/solar\/wp-json\/wp\/v2\/media\/1857"}],"wp:attachment":[{"href":"https:\/\/solucionsolar.cl\/solar\/wp-json\/wp\/v2\/media?parent=1858"}],"wp:term":[{"taxonomy":"product_brand","embeddable":true,"href":"https:\/\/solucionsolar.cl\/solar\/wp-json\/wp\/v2\/product_brand?post=1858"},{"taxonomy":"product_cat","embeddable":true,"href":"https:\/\/solucionsolar.cl\/solar\/wp-json\/wp\/v2\/product_cat?post=1858"},{"taxonomy":"product_tag","embeddable":true,"href":"https:\/\/solucionsolar.cl\/solar\/wp-json\/wp\/v2\/product_tag?post=1858"}],"curies":[{"name":"wp","href":"https:\/\/api.w.org\/{rel}","templated":true}]}}