{"id":1891,"date":"2023-05-15T23:08:03","date_gmt":"2023-05-15T23:08:03","guid":{"rendered":"https:\/\/solucionsolar.cl\/solar\/producto\/guirnalda-led-solar-7mt-10-ampolletas-rgb-logic\/"},"modified":"2023-05-15T23:08:03","modified_gmt":"2023-05-15T23:08:03","slug":"guirnalda-led-solar-7mt-10-ampolletas-rgb-logic","status":"publish","type":"product","link":"https:\/\/solucionsolar.cl\/solar\/producto\/guirnalda-led-solar-7mt-10-ampolletas-rgb-logic\/","title":{"rendered":"Guirnalda LED solar 7mt \/ 10 ampolletas RGB LOGIC"},"content":{"rendered":"<p>La guirnalda LED solar de 7 metros con 10 ampolletas RGB de la marca LOGIC es una soluci\u00f3n de iluminaci\u00f3n decorativa y sostenible. Las ampolletas LED RGB ofrecen una amplia variedad de opciones de color y patrones para iluminar y decorar cualquier espacio exterior. El panel solar incorporado en la guirnalda carga la bater\u00eda durante el d\u00eda, permitiendo que la guirnalda se ilumine autom\u00e1ticamente al anochecer.<\/p>\n","protected":false},"excerpt":{"rendered":"<p>La guirnalda LED solar de 7 metros con 10 ampolletas RGB de la marca LOGIC es una soluci\u00f3n de iluminaci\u00f3n decorativa y sostenible. Las ampolletas LED RGB ofrecen una amplia variedad de opciones de color y patrones para iluminar y decorar cualquier espacio exterior. El panel solar incorporado en la guirnalda carga la bater\u00eda durante el d\u00eda, permitiendo que la [&hellip;]<\/p>\n","protected":false},"featured_media":1890,"comment_status":"open","ping_status":"closed","template":"","meta":{"_joinchat":[]},"product_brand":[],"product_cat":[44],"product_tag":[],"class_list":{"0":"post-1891","1":"product","2":"type-product","3":"status-publish","4":"has-post-thumbnail","6":"product_cat-iluminacion","8":"first","9":"instock","10":"shipping-taxable","11":"purchasable","12":"product-type-simple"},"ams_default_variation_id":0,"ams_product_points_reward":[],"ams_product_discount_percentage":0,"ams_price_to_display":33900,"ams_acf":[],"jetpack_sharing_enabled":true,"_links":{"self":[{"href":"https:\/\/solucionsolar.cl\/solar\/wp-json\/wp\/v2\/product\/1891","targetHints":{"allow":["GET"]}}],"collection":[{"href":"https:\/\/solucionsolar.cl\/solar\/wp-json\/wp\/v2\/product"}],"about":[{"href":"https:\/\/solucionsolar.cl\/solar\/wp-json\/wp\/v2\/types\/product"}],"replies":[{"embeddable":true,"href":"https:\/\/solucionsolar.cl\/solar\/wp-json\/wp\/v2\/comments?post=1891"}],"wp:featuredmedia":[{"embeddable":true,"href":"https:\/\/solucionsolar.cl\/solar\/wp-json\/wp\/v2\/media\/1890"}],"wp:attachment":[{"href":"https:\/\/solucionsolar.cl\/solar\/wp-json\/wp\/v2\/media?parent=1891"}],"wp:term":[{"taxonomy":"product_brand","embeddable":true,"href":"https:\/\/solucionsolar.cl\/solar\/wp-json\/wp\/v2\/product_brand?post=1891"},{"taxonomy":"product_cat","embeddable":true,"href":"https:\/\/solucionsolar.cl\/solar\/wp-json\/wp\/v2\/product_cat?post=1891"},{"taxonomy":"product_tag","embeddable":true,"href":"https:\/\/solucionsolar.cl\/solar\/wp-json\/wp\/v2\/product_tag?post=1891"}],"curies":[{"name":"wp","href":"https:\/\/api.w.org\/{rel}","templated":true}]}}