{"id":1909,"date":"2023-05-15T23:08:43","date_gmt":"2023-05-15T23:08:43","guid":{"rendered":"https:\/\/solucionsolar.cl\/solar\/producto\/foco-led-30w-6000k-sec-blanco-vkb\/"},"modified":"2023-05-15T23:08:43","modified_gmt":"2023-05-15T23:08:43","slug":"foco-led-30w-6000k-sec-blanco-vkb","status":"publish","type":"product","link":"https:\/\/solucionsolar.cl\/solar\/producto\/foco-led-30w-6000k-sec-blanco-vkb\/","title":{"rendered":"Foco LED 30W 6000K SEC Blanco VKB"},"content":{"rendered":"<p>El Foco LED 30W 6000K SEC Blanco VKB es un dispositivo de iluminaci\u00f3n que utiliza tecnolog\u00eda LED de alta eficiencia energ\u00e9tica y cuenta con una potencia de 30 vatios. Su tono de luz es de 6000 Kelvin, que proporciona una luz blanca fr\u00eda. El dispositivo est\u00e1 dise\u00f1ado para uso en interiores y exteriores gracias a la norma IP 65, tiene una vida \u00fatil de larga duraci\u00f3n, adem\u00e1s de una carcasa s\u00f3lida y con una vida \u00fatil extensa.<\/p>\n","protected":false},"excerpt":{"rendered":"<p>El Foco LED 30W 6000K SEC Blanco VKB es un dispositivo de iluminaci\u00f3n que utiliza tecnolog\u00eda LED de alta eficiencia energ\u00e9tica y cuenta con una potencia de 30 vatios. Su tono de luz es de 6000 Kelvin, que proporciona una luz blanca fr\u00eda. El dispositivo est\u00e1 dise\u00f1ado para uso en interiores y exteriores gracias a la norma IP 65, tiene [&hellip;]<\/p>\n","protected":false},"featured_media":1908,"comment_status":"open","ping_status":"closed","template":"","meta":{"_joinchat":[]},"product_brand":[],"product_cat":[44,45],"product_tag":[],"class_list":{"0":"post-1909","1":"product","2":"type-product","3":"status-publish","4":"has-post-thumbnail","6":"product_cat-iluminacion","7":"product_cat-reflectores","9":"first","10":"instock","11":"shipping-taxable","12":"purchasable","13":"product-type-simple"},"ams_default_variation_id":0,"ams_product_points_reward":[],"ams_product_discount_percentage":0,"ams_price_to_display":6990,"ams_acf":[],"jetpack_sharing_enabled":true,"_links":{"self":[{"href":"https:\/\/solucionsolar.cl\/solar\/wp-json\/wp\/v2\/product\/1909","targetHints":{"allow":["GET"]}}],"collection":[{"href":"https:\/\/solucionsolar.cl\/solar\/wp-json\/wp\/v2\/product"}],"about":[{"href":"https:\/\/solucionsolar.cl\/solar\/wp-json\/wp\/v2\/types\/product"}],"replies":[{"embeddable":true,"href":"https:\/\/solucionsolar.cl\/solar\/wp-json\/wp\/v2\/comments?post=1909"}],"wp:featuredmedia":[{"embeddable":true,"href":"https:\/\/solucionsolar.cl\/solar\/wp-json\/wp\/v2\/media\/1908"}],"wp:attachment":[{"href":"https:\/\/solucionsolar.cl\/solar\/wp-json\/wp\/v2\/media?parent=1909"}],"wp:term":[{"taxonomy":"product_brand","embeddable":true,"href":"https:\/\/solucionsolar.cl\/solar\/wp-json\/wp\/v2\/product_brand?post=1909"},{"taxonomy":"product_cat","embeddable":true,"href":"https:\/\/solucionsolar.cl\/solar\/wp-json\/wp\/v2\/product_cat?post=1909"},{"taxonomy":"product_tag","embeddable":true,"href":"https:\/\/solucionsolar.cl\/solar\/wp-json\/wp\/v2\/product_tag?post=1909"}],"curies":[{"name":"wp","href":"https:\/\/api.w.org\/{rel}","templated":true}]}}