{"id":1930,"date":"2023-05-15T23:09:21","date_gmt":"2023-05-15T23:09:21","guid":{"rendered":"https:\/\/solucionsolar.cl\/solar\/producto\/set-barra-cooper-1-2-1mt-conector\/"},"modified":"2023-05-15T23:09:21","modified_gmt":"2023-05-15T23:09:21","slug":"set-barra-cooper-1-2-1mt-conector","status":"publish","type":"product","link":"https:\/\/solucionsolar.cl\/solar\/producto\/set-barra-cooper-1-2-1mt-conector\/","title":{"rendered":"Set Barra cooper 1\/2 1mt + conector"},"content":{"rendered":"<p>El Set Barra Cooper 1\/2 1mt + Conector es un conjunto de elementos de conexi\u00f3n el\u00e9ctrica utilizado en instalaciones industriales y comerciales. La barra est\u00e1 hecha de cobre de alta calidad y tiene una longitud de un metro con una secci\u00f3n transversal de 1\/2 pulgada. El conector se utiliza para unir la barra a otras barras o a dispositivos el\u00e9ctricos.<\/p>\n","protected":false},"excerpt":{"rendered":"<p>El Set Barra Cooper 1\/2 1mt + Conector es un conjunto de elementos de conexi\u00f3n el\u00e9ctrica utilizado en instalaciones industriales y comerciales. La barra est\u00e1 hecha de cobre de alta calidad y tiene una longitud de un metro con una secci\u00f3n transversal de 1\/2 pulgada. El conector se utiliza para unir la barra a otras barras o a dispositivos el\u00e9ctricos.<\/p>\n","protected":false},"featured_media":1929,"comment_status":"open","ping_status":"closed","template":"","meta":{"_joinchat":[]},"product_brand":[],"product_cat":[58,26],"product_tag":[],"class_list":{"0":"post-1930","1":"product","2":"type-product","3":"status-publish","4":"has-post-thumbnail","6":"product_cat-barra-cooper","7":"product_cat-empalmes","9":"first","10":"instock","11":"shipping-taxable","12":"purchasable","13":"product-type-simple"},"ams_default_variation_id":0,"ams_product_points_reward":[],"ams_product_discount_percentage":0,"ams_price_to_display":4500,"ams_acf":[],"jetpack_sharing_enabled":true,"_links":{"self":[{"href":"https:\/\/solucionsolar.cl\/solar\/wp-json\/wp\/v2\/product\/1930","targetHints":{"allow":["GET"]}}],"collection":[{"href":"https:\/\/solucionsolar.cl\/solar\/wp-json\/wp\/v2\/product"}],"about":[{"href":"https:\/\/solucionsolar.cl\/solar\/wp-json\/wp\/v2\/types\/product"}],"replies":[{"embeddable":true,"href":"https:\/\/solucionsolar.cl\/solar\/wp-json\/wp\/v2\/comments?post=1930"}],"wp:featuredmedia":[{"embeddable":true,"href":"https:\/\/solucionsolar.cl\/solar\/wp-json\/wp\/v2\/media\/1929"}],"wp:attachment":[{"href":"https:\/\/solucionsolar.cl\/solar\/wp-json\/wp\/v2\/media?parent=1930"}],"wp:term":[{"taxonomy":"product_brand","embeddable":true,"href":"https:\/\/solucionsolar.cl\/solar\/wp-json\/wp\/v2\/product_brand?post=1930"},{"taxonomy":"product_cat","embeddable":true,"href":"https:\/\/solucionsolar.cl\/solar\/wp-json\/wp\/v2\/product_cat?post=1930"},{"taxonomy":"product_tag","embeddable":true,"href":"https:\/\/solucionsolar.cl\/solar\/wp-json\/wp\/v2\/product_tag?post=1930"}],"curies":[{"name":"wp","href":"https:\/\/api.w.org\/{rel}","templated":true}]}}