{"id":1956,"date":"2023-05-15T23:10:52","date_gmt":"2023-05-15T23:10:52","guid":{"rendered":"https:\/\/solucionsolar.cl\/solar\/producto\/cable-utp-cat5-aleacion-caja-305mt\/"},"modified":"2023-05-15T23:10:52","modified_gmt":"2023-05-15T23:10:52","slug":"cable-utp-cat5-aleacion-caja-305mt","status":"publish","type":"product","link":"https:\/\/solucionsolar.cl\/solar\/producto\/cable-utp-cat5-aleacion-caja-305mt\/","title":{"rendered":"Cable UTP Cat5 Aleaci\u00f3n (Caja 305mt)"},"content":{"rendered":"<p>Este es un cable de red de cobre trenzado con protecci\u00f3n de aleaci\u00f3n que viene en una caja de 305 metros. Es de categor\u00eda 5 y se utiliza para redes de alta velocidad y ancho de banda.<\/p>\n","protected":false},"excerpt":{"rendered":"<p>Este es un cable de red de cobre trenzado con protecci\u00f3n de aleaci\u00f3n que viene en una caja de 305 metros. Es de categor\u00eda 5 y se utiliza para redes de alta velocidad y ancho de banda.<\/p>\n","protected":false},"featured_media":1955,"comment_status":"open","ping_status":"closed","template":"","meta":{"_joinchat":[]},"product_brand":[],"product_cat":[16],"product_tag":[],"class_list":{"0":"post-1956","1":"product","2":"type-product","3":"status-publish","4":"has-post-thumbnail","6":"product_cat-electricidad","8":"first","9":"instock","10":"shipping-taxable","11":"purchasable","12":"product-type-simple"},"ams_default_variation_id":0,"ams_product_points_reward":[],"ams_product_discount_percentage":0,"ams_price_to_display":36000,"ams_acf":[],"jetpack_sharing_enabled":true,"_links":{"self":[{"href":"https:\/\/solucionsolar.cl\/solar\/wp-json\/wp\/v2\/product\/1956","targetHints":{"allow":["GET"]}}],"collection":[{"href":"https:\/\/solucionsolar.cl\/solar\/wp-json\/wp\/v2\/product"}],"about":[{"href":"https:\/\/solucionsolar.cl\/solar\/wp-json\/wp\/v2\/types\/product"}],"replies":[{"embeddable":true,"href":"https:\/\/solucionsolar.cl\/solar\/wp-json\/wp\/v2\/comments?post=1956"}],"wp:featuredmedia":[{"embeddable":true,"href":"https:\/\/solucionsolar.cl\/solar\/wp-json\/wp\/v2\/media\/1955"}],"wp:attachment":[{"href":"https:\/\/solucionsolar.cl\/solar\/wp-json\/wp\/v2\/media?parent=1956"}],"wp:term":[{"taxonomy":"product_brand","embeddable":true,"href":"https:\/\/solucionsolar.cl\/solar\/wp-json\/wp\/v2\/product_brand?post=1956"},{"taxonomy":"product_cat","embeddable":true,"href":"https:\/\/solucionsolar.cl\/solar\/wp-json\/wp\/v2\/product_cat?post=1956"},{"taxonomy":"product_tag","embeddable":true,"href":"https:\/\/solucionsolar.cl\/solar\/wp-json\/wp\/v2\/product_tag?post=1956"}],"curies":[{"name":"wp","href":"https:\/\/api.w.org\/{rel}","templated":true}]}}