{"id":1964,"date":"2023-05-15T23:11:00","date_gmt":"2023-05-15T23:11:00","guid":{"rendered":"https:\/\/solucionsolar.cl\/solar\/producto\/set-barra-cooper-1-2-15mt-conector\/"},"modified":"2023-05-15T23:11:00","modified_gmt":"2023-05-15T23:11:00","slug":"set-barra-cooper-1-2-15mt-conector","status":"publish","type":"product","link":"https:\/\/solucionsolar.cl\/solar\/producto\/set-barra-cooper-1-2-15mt-conector\/","title":{"rendered":"Set Barra cooper 1\/2 1,5mt + conector"},"content":{"rendered":"<p>Junto con un conector. La barra de cobre se utiliza com\u00fanmente en instalaciones el\u00e9ctricas como conductor de corriente. El conector se utiliza para unir dos barras de cobre y formar un sistema el\u00e9ctrico continuo. Este conjunto es adecuado para aplicaciones que requieren una alta conductividad y resistencia a la corrosi\u00f3n, como sistemas de puesta a tierra, sistemas de distribuci\u00f3n de energ\u00eda el\u00e9ctrica y otros tipos de equipos el\u00e9ctricos.<\/p>\n","protected":false},"excerpt":{"rendered":"<p>Junto con un conector. La barra de cobre se utiliza com\u00fanmente en instalaciones el\u00e9ctricas como conductor de corriente. El conector se utiliza para unir dos barras de cobre y formar un sistema el\u00e9ctrico continuo. Este conjunto es adecuado para aplicaciones que requieren una alta conductividad y resistencia a la corrosi\u00f3n, como sistemas de puesta a tierra, sistemas de distribuci\u00f3n de [&hellip;]<\/p>\n","protected":false},"featured_media":1929,"comment_status":"open","ping_status":"closed","template":"","meta":{"_joinchat":[]},"product_brand":[],"product_cat":[16],"product_tag":[],"class_list":{"0":"post-1964","1":"product","2":"type-product","3":"status-publish","4":"has-post-thumbnail","6":"product_cat-electricidad","8":"first","9":"instock","10":"shipping-taxable","11":"purchasable","12":"product-type-simple"},"ams_default_variation_id":0,"ams_product_points_reward":[],"ams_product_discount_percentage":0,"ams_price_to_display":5800,"ams_acf":[],"jetpack_sharing_enabled":true,"_links":{"self":[{"href":"https:\/\/solucionsolar.cl\/solar\/wp-json\/wp\/v2\/product\/1964","targetHints":{"allow":["GET"]}}],"collection":[{"href":"https:\/\/solucionsolar.cl\/solar\/wp-json\/wp\/v2\/product"}],"about":[{"href":"https:\/\/solucionsolar.cl\/solar\/wp-json\/wp\/v2\/types\/product"}],"replies":[{"embeddable":true,"href":"https:\/\/solucionsolar.cl\/solar\/wp-json\/wp\/v2\/comments?post=1964"}],"wp:featuredmedia":[{"embeddable":true,"href":"https:\/\/solucionsolar.cl\/solar\/wp-json\/wp\/v2\/media\/1929"}],"wp:attachment":[{"href":"https:\/\/solucionsolar.cl\/solar\/wp-json\/wp\/v2\/media?parent=1964"}],"wp:term":[{"taxonomy":"product_brand","embeddable":true,"href":"https:\/\/solucionsolar.cl\/solar\/wp-json\/wp\/v2\/product_brand?post=1964"},{"taxonomy":"product_cat","embeddable":true,"href":"https:\/\/solucionsolar.cl\/solar\/wp-json\/wp\/v2\/product_cat?post=1964"},{"taxonomy":"product_tag","embeddable":true,"href":"https:\/\/solucionsolar.cl\/solar\/wp-json\/wp\/v2\/product_tag?post=1964"}],"curies":[{"name":"wp","href":"https:\/\/api.w.org\/{rel}","templated":true}]}}