{"id":211,"date":"2023-05-13T22:23:54","date_gmt":"2023-05-13T22:23:54","guid":{"rendered":"https:\/\/solucionsolar.cl\/solar\/producto\/mini-alicate-corte-diagonal-115mm-total\/"},"modified":"2023-05-13T22:23:54","modified_gmt":"2023-05-13T22:23:54","slug":"mini-alicate-corte-diagonal-115mm-total","status":"publish","type":"product","link":"https:\/\/solucionsolar.cl\/solar\/producto\/mini-alicate-corte-diagonal-115mm-total\/","title":{"rendered":"Mini alicate corte diagonal 115mm TOTAL"},"content":{"rendered":"<p>Es una herramienta manual utilizada para cortar alambre y cables de peque\u00f1o di\u00e1metro en trabajos de electr\u00f3nica, modelismo, joyer\u00eda y otros proyectos de precisi\u00f3n. Este alicate est\u00e1 dise\u00f1ado para cortar alambre de cobre, aluminio, lat\u00f3n y otros metales blandos con facilidad.<\/p>\n","protected":false},"excerpt":{"rendered":"<p>Es una herramienta manual utilizada para cortar alambre y cables de peque\u00f1o di\u00e1metro en trabajos de electr\u00f3nica, modelismo, joyer\u00eda y otros proyectos de precisi\u00f3n. Este alicate est\u00e1 dise\u00f1ado para cortar alambre de cobre, aluminio, lat\u00f3n y otros metales blandos con facilidad.<\/p>\n","protected":false},"featured_media":210,"comment_status":"open","ping_status":"closed","template":"","meta":{"_joinchat":[]},"product_brand":[],"product_cat":[30,29],"product_tag":[],"class_list":{"0":"post-211","1":"product","2":"type-product","3":"status-publish","4":"has-post-thumbnail","6":"product_cat-alicates","7":"product_cat-herramientas","9":"first","10":"instock","11":"shipping-taxable","12":"purchasable","13":"product-type-simple"},"ams_default_variation_id":0,"ams_product_points_reward":[],"ams_product_discount_percentage":0,"ams_price_to_display":2000,"ams_acf":[],"jetpack_sharing_enabled":true,"_links":{"self":[{"href":"https:\/\/solucionsolar.cl\/solar\/wp-json\/wp\/v2\/product\/211","targetHints":{"allow":["GET"]}}],"collection":[{"href":"https:\/\/solucionsolar.cl\/solar\/wp-json\/wp\/v2\/product"}],"about":[{"href":"https:\/\/solucionsolar.cl\/solar\/wp-json\/wp\/v2\/types\/product"}],"replies":[{"embeddable":true,"href":"https:\/\/solucionsolar.cl\/solar\/wp-json\/wp\/v2\/comments?post=211"}],"wp:featuredmedia":[{"embeddable":true,"href":"https:\/\/solucionsolar.cl\/solar\/wp-json\/wp\/v2\/media\/210"}],"wp:attachment":[{"href":"https:\/\/solucionsolar.cl\/solar\/wp-json\/wp\/v2\/media?parent=211"}],"wp:term":[{"taxonomy":"product_brand","embeddable":true,"href":"https:\/\/solucionsolar.cl\/solar\/wp-json\/wp\/v2\/product_brand?post=211"},{"taxonomy":"product_cat","embeddable":true,"href":"https:\/\/solucionsolar.cl\/solar\/wp-json\/wp\/v2\/product_cat?post=211"},{"taxonomy":"product_tag","embeddable":true,"href":"https:\/\/solucionsolar.cl\/solar\/wp-json\/wp\/v2\/product_tag?post=211"}],"curies":[{"name":"wp","href":"https:\/\/api.w.org\/{rel}","templated":true}]}}