{"id":231,"date":"2023-05-13T22:24:22","date_gmt":"2023-05-13T22:24:22","guid":{"rendered":"https:\/\/solucionsolar.cl\/solar\/producto\/alicate-universal-7-1kv-lexo\/"},"modified":"2023-05-13T22:24:22","modified_gmt":"2023-05-13T22:24:22","slug":"alicate-universal-7-1kv-lexo","status":"publish","type":"product","link":"https:\/\/solucionsolar.cl\/solar\/producto\/alicate-universal-7-1kv-lexo\/","title":{"rendered":"Alicate universal 7&#8243; 1KV LEXO"},"content":{"rendered":"<p>Es una herramienta manual dise\u00f1ada para cortar, doblar, sujetar y pelar cables el\u00e9ctricos. Est\u00e1 fabricado con materiales de alta calidad para garantizar su durabilidad y resistencia, y cuenta con un aislamiento de 1KV que lo hace seguro para su uso en aplicaciones el\u00e9ctricas.<\/p>\n","protected":false},"excerpt":{"rendered":"<p>Es una herramienta manual dise\u00f1ada para cortar, doblar, sujetar y pelar cables el\u00e9ctricos. Est\u00e1 fabricado con materiales de alta calidad para garantizar su durabilidad y resistencia, y cuenta con un aislamiento de 1KV que lo hace seguro para su uso en aplicaciones el\u00e9ctricas.<\/p>\n","protected":false},"featured_media":230,"comment_status":"open","ping_status":"closed","template":"","meta":{"_joinchat":[]},"product_brand":[],"product_cat":[30,16],"product_tag":[],"class_list":{"0":"post-231","1":"product","2":"type-product","3":"status-publish","4":"has-post-thumbnail","6":"product_cat-alicates","7":"product_cat-electricidad","9":"first","10":"instock","11":"shipping-taxable","12":"purchasable","13":"product-type-simple"},"ams_default_variation_id":0,"ams_product_points_reward":[],"ams_product_discount_percentage":0,"ams_price_to_display":9700,"ams_acf":[],"jetpack_sharing_enabled":true,"_links":{"self":[{"href":"https:\/\/solucionsolar.cl\/solar\/wp-json\/wp\/v2\/product\/231","targetHints":{"allow":["GET"]}}],"collection":[{"href":"https:\/\/solucionsolar.cl\/solar\/wp-json\/wp\/v2\/product"}],"about":[{"href":"https:\/\/solucionsolar.cl\/solar\/wp-json\/wp\/v2\/types\/product"}],"replies":[{"embeddable":true,"href":"https:\/\/solucionsolar.cl\/solar\/wp-json\/wp\/v2\/comments?post=231"}],"wp:featuredmedia":[{"embeddable":true,"href":"https:\/\/solucionsolar.cl\/solar\/wp-json\/wp\/v2\/media\/230"}],"wp:attachment":[{"href":"https:\/\/solucionsolar.cl\/solar\/wp-json\/wp\/v2\/media?parent=231"}],"wp:term":[{"taxonomy":"product_brand","embeddable":true,"href":"https:\/\/solucionsolar.cl\/solar\/wp-json\/wp\/v2\/product_brand?post=231"},{"taxonomy":"product_cat","embeddable":true,"href":"https:\/\/solucionsolar.cl\/solar\/wp-json\/wp\/v2\/product_cat?post=231"},{"taxonomy":"product_tag","embeddable":true,"href":"https:\/\/solucionsolar.cl\/solar\/wp-json\/wp\/v2\/product_tag?post=231"}],"curies":[{"name":"wp","href":"https:\/\/api.w.org\/{rel}","templated":true}]}}