{"id":24,"date":"2023-05-13T22:19:44","date_gmt":"2023-05-13T22:19:44","guid":{"rendered":"https:\/\/solucionsolar.cl\/solar\/producto\/smart-dongle-bluetooth-ve-direct-victron\/"},"modified":"2023-05-13T22:19:44","modified_gmt":"2023-05-13T22:19:44","slug":"smart-dongle-bluetooth-ve-direct-victron","status":"publish","type":"product","link":"https:\/\/solucionsolar.cl\/solar\/producto\/smart-dongle-bluetooth-ve-direct-victron\/","title":{"rendered":"Smart Dongle Bluetooth VE. Direct VICTRON"},"content":{"rendered":"<p>Es un dispositivo que permite la monitorizaci\u00f3n y control remoto de los equipos y sistemas de energ\u00eda solar y bater\u00edas VICTRON a trav\u00e9s de una conexi\u00f3n Bluetooth.<\/p>\n<p>Este dongle se conecta directamente al puerto VE.Direct de los equipos VICTRON y permite la comunicaci\u00f3n inal\u00e1mbrica con dispositivos m\u00f3viles, como smartphones o tablets, a trav\u00e9s de una aplicaci\u00f3n dedicada. De esta manera, los usuarios pueden monitorizar en tiempo real la carga y descarga de la bater\u00eda, la producci\u00f3n de energ\u00eda solar, el estado de carga de la bater\u00eda y otros datos importantes para el sistema de energ\u00eda solar.<\/p>\n","protected":false},"excerpt":{"rendered":"<p>Es un dispositivo que permite la monitorizaci\u00f3n y control remoto de los equipos y sistemas de energ\u00eda solar y bater\u00edas VICTRON a trav\u00e9s de una conexi\u00f3n Bluetooth. Este dongle se conecta directamente al puerto VE.Direct de los equipos VICTRON y permite la comunicaci\u00f3n inal\u00e1mbrica con dispositivos m\u00f3viles, como smartphones o tablets, a trav\u00e9s de una aplicaci\u00f3n dedicada. De esta manera, [&hellip;]<\/p>\n","protected":false},"featured_media":23,"comment_status":"open","ping_status":"closed","template":"","meta":{"_joinchat":[]},"product_brand":[],"product_cat":[16],"product_tag":[],"class_list":{"0":"post-24","1":"product","2":"type-product","3":"status-publish","4":"has-post-thumbnail","6":"product_cat-electricidad","8":"first","9":"instock","10":"shipping-taxable","11":"purchasable","12":"product-type-simple"},"ams_default_variation_id":0,"ams_product_points_reward":[],"ams_product_discount_percentage":0,"ams_price_to_display":51000,"ams_acf":[],"jetpack_sharing_enabled":true,"_links":{"self":[{"href":"https:\/\/solucionsolar.cl\/solar\/wp-json\/wp\/v2\/product\/24","targetHints":{"allow":["GET"]}}],"collection":[{"href":"https:\/\/solucionsolar.cl\/solar\/wp-json\/wp\/v2\/product"}],"about":[{"href":"https:\/\/solucionsolar.cl\/solar\/wp-json\/wp\/v2\/types\/product"}],"replies":[{"embeddable":true,"href":"https:\/\/solucionsolar.cl\/solar\/wp-json\/wp\/v2\/comments?post=24"}],"wp:featuredmedia":[{"embeddable":true,"href":"https:\/\/solucionsolar.cl\/solar\/wp-json\/wp\/v2\/media\/23"}],"wp:attachment":[{"href":"https:\/\/solucionsolar.cl\/solar\/wp-json\/wp\/v2\/media?parent=24"}],"wp:term":[{"taxonomy":"product_brand","embeddable":true,"href":"https:\/\/solucionsolar.cl\/solar\/wp-json\/wp\/v2\/product_brand?post=24"},{"taxonomy":"product_cat","embeddable":true,"href":"https:\/\/solucionsolar.cl\/solar\/wp-json\/wp\/v2\/product_cat?post=24"},{"taxonomy":"product_tag","embeddable":true,"href":"https:\/\/solucionsolar.cl\/solar\/wp-json\/wp\/v2\/product_tag?post=24"}],"curies":[{"name":"wp","href":"https:\/\/api.w.org\/{rel}","templated":true}]}}