{"id":261,"date":"2023-05-13T22:25:09","date_gmt":"2023-05-13T22:25:09","guid":{"rendered":"https:\/\/solucionsolar.cl\/solar\/producto\/kit-solar-40w-vkb\/"},"modified":"2023-05-13T22:25:09","modified_gmt":"2023-05-13T22:25:09","slug":"kit-solar-40w-vkb","status":"publish","type":"product","link":"https:\/\/solucionsolar.cl\/solar\/producto\/kit-solar-40w-vkb\/","title":{"rendered":"Kit solar 40W VKB"},"content":{"rendered":"<p>El Proyector Solar 40W VKB es una luminaria de alta potencia dise\u00f1ada para iluminar \u00e1reas exteriores de forma eficiente y sostenible mediante el uso de energ\u00eda solar. Este proyector solar cuenta con un panel solar de alta eficiencia que se encarga de capturar la energ\u00eda solar durante el d\u00eda y almacenarla en una bater\u00eda interna para ser utilizada durante la noche.<\/p>\n","protected":false},"excerpt":{"rendered":"<p>El Proyector Solar 40W VKB es una luminaria de alta potencia dise\u00f1ada para iluminar \u00e1reas exteriores de forma eficiente y sostenible mediante el uso de energ\u00eda solar. Este proyector solar cuenta con un panel solar de alta eficiencia que se encarga de capturar la energ\u00eda solar durante el d\u00eda y almacenarla en una bater\u00eda interna para ser utilizada durante la [&hellip;]<\/p>\n","protected":false},"featured_media":260,"comment_status":"open","ping_status":"closed","template":"","meta":{"_joinchat":[]},"product_brand":[],"product_cat":[31],"product_tag":[],"class_list":{"0":"post-261","1":"product","2":"type-product","3":"status-publish","4":"has-post-thumbnail","6":"product_cat-solar","8":"first","9":"instock","10":"shipping-taxable","11":"purchasable","12":"product-type-simple"},"ams_default_variation_id":0,"ams_product_points_reward":[],"ams_product_discount_percentage":0,"ams_price_to_display":44000,"ams_acf":[],"jetpack_sharing_enabled":true,"_links":{"self":[{"href":"https:\/\/solucionsolar.cl\/solar\/wp-json\/wp\/v2\/product\/261","targetHints":{"allow":["GET"]}}],"collection":[{"href":"https:\/\/solucionsolar.cl\/solar\/wp-json\/wp\/v2\/product"}],"about":[{"href":"https:\/\/solucionsolar.cl\/solar\/wp-json\/wp\/v2\/types\/product"}],"replies":[{"embeddable":true,"href":"https:\/\/solucionsolar.cl\/solar\/wp-json\/wp\/v2\/comments?post=261"}],"wp:featuredmedia":[{"embeddable":true,"href":"https:\/\/solucionsolar.cl\/solar\/wp-json\/wp\/v2\/media\/260"}],"wp:attachment":[{"href":"https:\/\/solucionsolar.cl\/solar\/wp-json\/wp\/v2\/media?parent=261"}],"wp:term":[{"taxonomy":"product_brand","embeddable":true,"href":"https:\/\/solucionsolar.cl\/solar\/wp-json\/wp\/v2\/product_brand?post=261"},{"taxonomy":"product_cat","embeddable":true,"href":"https:\/\/solucionsolar.cl\/solar\/wp-json\/wp\/v2\/product_cat?post=261"},{"taxonomy":"product_tag","embeddable":true,"href":"https:\/\/solucionsolar.cl\/solar\/wp-json\/wp\/v2\/product_tag?post=261"}],"curies":[{"name":"wp","href":"https:\/\/api.w.org\/{rel}","templated":true}]}}