{"id":272,"date":"2023-05-13T22:25:33","date_gmt":"2023-05-13T22:25:33","guid":{"rendered":"https:\/\/solucionsolar.cl\/solar\/producto\/luminaria-solar-60w-c-sensor-de-movimiento-logic\/"},"modified":"2023-05-13T22:25:33","modified_gmt":"2023-05-13T22:25:33","slug":"luminaria-solar-60w-c-sensor-de-movimiento-logic","status":"publish","type":"product","link":"https:\/\/solucionsolar.cl\/solar\/producto\/luminaria-solar-60w-c-sensor-de-movimiento-logic\/","title":{"rendered":"Luminaria Solar 60W c\/sensor de movimiento LOGIC"},"content":{"rendered":"<p>la Luminaria Solar 60W c\/sensor de movimiento LOGIC es una soluci\u00f3n de iluminaci\u00f3n eficiente, sostenible y f\u00e1cil de instalar. Con su panel solar de alta eficiencia, bater\u00eda recargable de iones de litio, sensor de movimiento, dise\u00f1o resistente y sostenibilidad econ\u00f3mica, esta luminaria solar es una excelente opci\u00f3n para aquellos que buscan una alternativa confiable y sostenible a las luminarias convencionales.<\/p>\n","protected":false},"excerpt":{"rendered":"<p>la Luminaria Solar 60W c\/sensor de movimiento LOGIC es una soluci\u00f3n de iluminaci\u00f3n eficiente, sostenible y f\u00e1cil de instalar. Con su panel solar de alta eficiencia, bater\u00eda recargable de iones de litio, sensor de movimiento, dise\u00f1o resistente y sostenibilidad econ\u00f3mica, esta luminaria solar es una excelente opci\u00f3n para aquellos que buscan una alternativa confiable y sostenible a las luminarias convencionales.<\/p>\n","protected":false},"featured_media":271,"comment_status":"open","ping_status":"closed","template":"","meta":{"_joinchat":[]},"product_brand":[],"product_cat":[32,31],"product_tag":[],"class_list":{"0":"post-272","1":"product","2":"type-product","3":"status-publish","4":"has-post-thumbnail","6":"product_cat-poste-solar","7":"product_cat-solar","9":"first","10":"instock","11":"shipping-taxable","12":"purchasable","13":"product-type-simple"},"ams_default_variation_id":0,"ams_product_points_reward":[],"ams_product_discount_percentage":0,"ams_price_to_display":45000,"ams_acf":[],"jetpack_sharing_enabled":true,"_links":{"self":[{"href":"https:\/\/solucionsolar.cl\/solar\/wp-json\/wp\/v2\/product\/272","targetHints":{"allow":["GET"]}}],"collection":[{"href":"https:\/\/solucionsolar.cl\/solar\/wp-json\/wp\/v2\/product"}],"about":[{"href":"https:\/\/solucionsolar.cl\/solar\/wp-json\/wp\/v2\/types\/product"}],"replies":[{"embeddable":true,"href":"https:\/\/solucionsolar.cl\/solar\/wp-json\/wp\/v2\/comments?post=272"}],"wp:featuredmedia":[{"embeddable":true,"href":"https:\/\/solucionsolar.cl\/solar\/wp-json\/wp\/v2\/media\/271"}],"wp:attachment":[{"href":"https:\/\/solucionsolar.cl\/solar\/wp-json\/wp\/v2\/media?parent=272"}],"wp:term":[{"taxonomy":"product_brand","embeddable":true,"href":"https:\/\/solucionsolar.cl\/solar\/wp-json\/wp\/v2\/product_brand?post=272"},{"taxonomy":"product_cat","embeddable":true,"href":"https:\/\/solucionsolar.cl\/solar\/wp-json\/wp\/v2\/product_cat?post=272"},{"taxonomy":"product_tag","embeddable":true,"href":"https:\/\/solucionsolar.cl\/solar\/wp-json\/wp\/v2\/product_tag?post=272"}],"curies":[{"name":"wp","href":"https:\/\/api.w.org\/{rel}","templated":true}]}}