{"id":279,"date":"2023-05-13T22:25:42","date_gmt":"2023-05-13T22:25:42","guid":{"rendered":"https:\/\/solucionsolar.cl\/solar\/producto\/kit-solar-100w-vkb\/"},"modified":"2023-05-13T22:25:42","modified_gmt":"2023-05-13T22:25:42","slug":"kit-solar-100w-vkb","status":"publish","type":"product","link":"https:\/\/solucionsolar.cl\/solar\/producto\/kit-solar-100w-vkb\/","title":{"rendered":"Kit solar 100W VKB"},"content":{"rendered":"<p>Es un dispositivo de iluminaci\u00f3n LED alimentado por energ\u00eda solar que proporciona una soluci\u00f3n de iluminaci\u00f3n eficiente y sostenible para \u00e1reas al aire libre. Con una potencia de 100W, es capaz de producir una gran cantidad de luz brillante para iluminar \u00e1reas grandes y extensas.<\/p>\n","protected":false},"excerpt":{"rendered":"<p>Es un dispositivo de iluminaci\u00f3n LED alimentado por energ\u00eda solar que proporciona una soluci\u00f3n de iluminaci\u00f3n eficiente y sostenible para \u00e1reas al aire libre. Con una potencia de 100W, es capaz de producir una gran cantidad de luz brillante para iluminar \u00e1reas grandes y extensas.<\/p>\n","protected":false},"featured_media":278,"comment_status":"open","ping_status":"closed","template":"","meta":{"_joinchat":[]},"product_brand":[],"product_cat":[34,31],"product_tag":[],"class_list":{"0":"post-279","1":"product","2":"type-product","3":"status-publish","4":"has-post-thumbnail","6":"product_cat-iluminacion-solar","7":"product_cat-solar","9":"first","10":"instock","11":"shipping-taxable","12":"purchasable","13":"product-type-simple"},"ams_default_variation_id":0,"ams_product_points_reward":[],"ams_product_discount_percentage":0,"ams_price_to_display":80000,"ams_acf":[],"jetpack_sharing_enabled":true,"_links":{"self":[{"href":"https:\/\/solucionsolar.cl\/solar\/wp-json\/wp\/v2\/product\/279","targetHints":{"allow":["GET"]}}],"collection":[{"href":"https:\/\/solucionsolar.cl\/solar\/wp-json\/wp\/v2\/product"}],"about":[{"href":"https:\/\/solucionsolar.cl\/solar\/wp-json\/wp\/v2\/types\/product"}],"replies":[{"embeddable":true,"href":"https:\/\/solucionsolar.cl\/solar\/wp-json\/wp\/v2\/comments?post=279"}],"wp:featuredmedia":[{"embeddable":true,"href":"https:\/\/solucionsolar.cl\/solar\/wp-json\/wp\/v2\/media\/278"}],"wp:attachment":[{"href":"https:\/\/solucionsolar.cl\/solar\/wp-json\/wp\/v2\/media?parent=279"}],"wp:term":[{"taxonomy":"product_brand","embeddable":true,"href":"https:\/\/solucionsolar.cl\/solar\/wp-json\/wp\/v2\/product_brand?post=279"},{"taxonomy":"product_cat","embeddable":true,"href":"https:\/\/solucionsolar.cl\/solar\/wp-json\/wp\/v2\/product_cat?post=279"},{"taxonomy":"product_tag","embeddable":true,"href":"https:\/\/solucionsolar.cl\/solar\/wp-json\/wp\/v2\/product_tag?post=279"}],"curies":[{"name":"wp","href":"https:\/\/api.w.org\/{rel}","templated":true}]}}