{"id":281,"date":"2023-05-13T22:25:43","date_gmt":"2023-05-13T22:25:43","guid":{"rendered":"https:\/\/solucionsolar.cl\/solar\/producto\/kit-solar-200w-v2\/"},"modified":"2023-05-13T22:25:43","modified_gmt":"2023-05-13T22:25:43","slug":"kit-solar-200w-v2","status":"publish","type":"product","link":"https:\/\/solucionsolar.cl\/solar\/producto\/kit-solar-200w-v2\/","title":{"rendered":"Kit solar 200W V2"},"content":{"rendered":"<p>Un proyector solar de 200W es un dispositivo de iluminaci\u00f3n que funciona con energ\u00eda solar y es capaz de proporcionar una iluminaci\u00f3n potente y sostenible en \u00e1reas exteriores. Este tipo de proyector utiliza paneles solares para captar la energ\u00eda del sol y almacenarla en una bater\u00eda recargable para su uso posterior.<\/p>\n","protected":false},"excerpt":{"rendered":"<p>Un proyector solar de 200W es un dispositivo de iluminaci\u00f3n que funciona con energ\u00eda solar y es capaz de proporcionar una iluminaci\u00f3n potente y sostenible en \u00e1reas exteriores. Este tipo de proyector utiliza paneles solares para captar la energ\u00eda del sol y almacenarla en una bater\u00eda recargable para su uso posterior.<\/p>\n","protected":false},"featured_media":280,"comment_status":"open","ping_status":"closed","template":"","meta":{"_joinchat":[]},"product_brand":[],"product_cat":[34,31],"product_tag":[],"class_list":{"0":"post-281","1":"product","2":"type-product","3":"status-publish","4":"has-post-thumbnail","6":"product_cat-iluminacion-solar","7":"product_cat-solar","9":"first","10":"instock","11":"shipping-taxable","12":"purchasable","13":"product-type-simple"},"ams_default_variation_id":0,"ams_product_points_reward":[],"ams_product_discount_percentage":0,"ams_price_to_display":60000,"ams_acf":[],"jetpack_sharing_enabled":true,"_links":{"self":[{"href":"https:\/\/solucionsolar.cl\/solar\/wp-json\/wp\/v2\/product\/281","targetHints":{"allow":["GET"]}}],"collection":[{"href":"https:\/\/solucionsolar.cl\/solar\/wp-json\/wp\/v2\/product"}],"about":[{"href":"https:\/\/solucionsolar.cl\/solar\/wp-json\/wp\/v2\/types\/product"}],"replies":[{"embeddable":true,"href":"https:\/\/solucionsolar.cl\/solar\/wp-json\/wp\/v2\/comments?post=281"}],"wp:featuredmedia":[{"embeddable":true,"href":"https:\/\/solucionsolar.cl\/solar\/wp-json\/wp\/v2\/media\/280"}],"wp:attachment":[{"href":"https:\/\/solucionsolar.cl\/solar\/wp-json\/wp\/v2\/media?parent=281"}],"wp:term":[{"taxonomy":"product_brand","embeddable":true,"href":"https:\/\/solucionsolar.cl\/solar\/wp-json\/wp\/v2\/product_brand?post=281"},{"taxonomy":"product_cat","embeddable":true,"href":"https:\/\/solucionsolar.cl\/solar\/wp-json\/wp\/v2\/product_cat?post=281"},{"taxonomy":"product_tag","embeddable":true,"href":"https:\/\/solucionsolar.cl\/solar\/wp-json\/wp\/v2\/product_tag?post=281"}],"curies":[{"name":"wp","href":"https:\/\/api.w.org\/{rel}","templated":true}]}}