{"id":30,"date":"2023-05-13T22:19:49","date_gmt":"2023-05-13T22:19:49","guid":{"rendered":"https:\/\/solucionsolar.cl\/solar\/producto\/abrazadera-caddy-25mm-3-4\/"},"modified":"2023-05-13T22:19:49","modified_gmt":"2023-05-13T22:19:49","slug":"abrazadera-caddy-25mm-3-4","status":"publish","type":"product","link":"https:\/\/solucionsolar.cl\/solar\/producto\/abrazadera-caddy-25mm-3-4\/","title":{"rendered":"Abrazadera caddy 25mm (3\/4&#8243;)"},"content":{"rendered":"<p>Es un accesorio utilizado en instalaciones el\u00e9ctricas y de telecomunicaciones para la sujeci\u00f3n y fijaci\u00f3n de tuber\u00edas, cables y conductos.<\/p>\n<p>Est\u00e1 fabricada con materiales resistentes, como acero galvanizado, que la hacen adecuada para su uso en entornos con alta humedad y corrosi\u00f3n.<\/p>\n","protected":false},"excerpt":{"rendered":"<p>Es un accesorio utilizado en instalaciones el\u00e9ctricas y de telecomunicaciones para la sujeci\u00f3n y fijaci\u00f3n de tuber\u00edas, cables y conductos. Est\u00e1 fabricada con materiales resistentes, como acero galvanizado, que la hacen adecuada para su uso en entornos con alta humedad y corrosi\u00f3n.<\/p>\n","protected":false},"featured_media":29,"comment_status":"open","ping_status":"closed","template":"","meta":{"_joinchat":[]},"product_brand":[],"product_cat":[19,16],"product_tag":[],"class_list":{"0":"post-30","1":"product","2":"type-product","3":"status-publish","4":"has-post-thumbnail","6":"product_cat-abrazaderas","7":"product_cat-electricidad","9":"first","10":"instock","11":"shipping-taxable","12":"purchasable","13":"product-type-simple"},"ams_default_variation_id":0,"ams_product_points_reward":[],"ams_product_discount_percentage":0,"ams_price_to_display":280,"ams_acf":[],"jetpack_sharing_enabled":true,"_links":{"self":[{"href":"https:\/\/solucionsolar.cl\/solar\/wp-json\/wp\/v2\/product\/30","targetHints":{"allow":["GET"]}}],"collection":[{"href":"https:\/\/solucionsolar.cl\/solar\/wp-json\/wp\/v2\/product"}],"about":[{"href":"https:\/\/solucionsolar.cl\/solar\/wp-json\/wp\/v2\/types\/product"}],"replies":[{"embeddable":true,"href":"https:\/\/solucionsolar.cl\/solar\/wp-json\/wp\/v2\/comments?post=30"}],"wp:featuredmedia":[{"embeddable":true,"href":"https:\/\/solucionsolar.cl\/solar\/wp-json\/wp\/v2\/media\/29"}],"wp:attachment":[{"href":"https:\/\/solucionsolar.cl\/solar\/wp-json\/wp\/v2\/media?parent=30"}],"wp:term":[{"taxonomy":"product_brand","embeddable":true,"href":"https:\/\/solucionsolar.cl\/solar\/wp-json\/wp\/v2\/product_brand?post=30"},{"taxonomy":"product_cat","embeddable":true,"href":"https:\/\/solucionsolar.cl\/solar\/wp-json\/wp\/v2\/product_cat?post=30"},{"taxonomy":"product_tag","embeddable":true,"href":"https:\/\/solucionsolar.cl\/solar\/wp-json\/wp\/v2\/product_tag?post=30"}],"curies":[{"name":"wp","href":"https:\/\/api.w.org\/{rel}","templated":true}]}}