{"id":442,"date":"2023-05-13T22:29:35","date_gmt":"2023-05-13T22:29:35","guid":{"rendered":"https:\/\/solucionsolar.cl\/solar\/producto\/caja-para-empalme-reducida-7010-dr-med-disco-americano\/"},"modified":"2023-05-13T22:29:35","modified_gmt":"2023-05-13T22:29:35","slug":"caja-para-empalme-reducida-7010-dr-med-disco-americano","status":"publish","type":"product","link":"https:\/\/solucionsolar.cl\/solar\/producto\/caja-para-empalme-reducida-7010-dr-med-disco-americano\/","title":{"rendered":"Caja para empalme reducida 7010-DR med. disco (Americano)"},"content":{"rendered":"<p>La Caja para empalme reducida 7010-DR med. disco (Americano) es un dispositivo utilizado en instalaciones el\u00e9ctricas para realizar conexiones y empalmes en conductores el\u00e9ctricos de baja tensi\u00f3n. Est\u00e1 dise\u00f1ada con una construcci\u00f3n robusta y resistente, con capacidad para alojar un disco de tama\u00f1o mediano.<\/p>\n","protected":false},"excerpt":{"rendered":"<p>La Caja para empalme reducida 7010-DR med. disco (Americano) es un dispositivo utilizado en instalaciones el\u00e9ctricas para realizar conexiones y empalmes en conductores el\u00e9ctricos de baja tensi\u00f3n. Est\u00e1 dise\u00f1ada con una construcci\u00f3n robusta y resistente, con capacidad para alojar un disco de tama\u00f1o mediano.<\/p>\n","protected":false},"featured_media":441,"comment_status":"open","ping_status":"closed","template":"","meta":{"_joinchat":[]},"product_brand":[],"product_cat":[40,26],"product_tag":[],"class_list":{"0":"post-442","1":"product","2":"type-product","3":"status-publish","4":"has-post-thumbnail","6":"product_cat-caja-para-empalme","7":"product_cat-empalmes","9":"first","10":"instock","11":"shipping-taxable","12":"purchasable","13":"product-type-simple"},"ams_default_variation_id":0,"ams_product_points_reward":[],"ams_product_discount_percentage":0,"ams_price_to_display":25900,"ams_acf":[],"jetpack_sharing_enabled":true,"_links":{"self":[{"href":"https:\/\/solucionsolar.cl\/solar\/wp-json\/wp\/v2\/product\/442","targetHints":{"allow":["GET"]}}],"collection":[{"href":"https:\/\/solucionsolar.cl\/solar\/wp-json\/wp\/v2\/product"}],"about":[{"href":"https:\/\/solucionsolar.cl\/solar\/wp-json\/wp\/v2\/types\/product"}],"replies":[{"embeddable":true,"href":"https:\/\/solucionsolar.cl\/solar\/wp-json\/wp\/v2\/comments?post=442"}],"wp:featuredmedia":[{"embeddable":true,"href":"https:\/\/solucionsolar.cl\/solar\/wp-json\/wp\/v2\/media\/441"}],"wp:attachment":[{"href":"https:\/\/solucionsolar.cl\/solar\/wp-json\/wp\/v2\/media?parent=442"}],"wp:term":[{"taxonomy":"product_brand","embeddable":true,"href":"https:\/\/solucionsolar.cl\/solar\/wp-json\/wp\/v2\/product_brand?post=442"},{"taxonomy":"product_cat","embeddable":true,"href":"https:\/\/solucionsolar.cl\/solar\/wp-json\/wp\/v2\/product_cat?post=442"},{"taxonomy":"product_tag","embeddable":true,"href":"https:\/\/solucionsolar.cl\/solar\/wp-json\/wp\/v2\/product_tag?post=442"}],"curies":[{"name":"wp","href":"https:\/\/api.w.org\/{rel}","templated":true}]}}