{"id":45,"date":"2023-05-13T22:20:16","date_gmt":"2023-05-13T22:20:16","guid":{"rendered":"https:\/\/solucionsolar.cl\/solar\/producto\/regleta-plastica-de-conexion-10mm-15a-12p\/"},"modified":"2023-05-13T22:20:16","modified_gmt":"2023-05-13T22:20:16","slug":"regleta-plastica-de-conexion-10mm-15a-12p","status":"publish","type":"product","link":"https:\/\/solucionsolar.cl\/solar\/producto\/regleta-plastica-de-conexion-10mm-15a-12p\/","title":{"rendered":"Regleta pl\u00e1stica de conexi\u00f3n (10mm) 15A 12P"},"content":{"rendered":"<p>Es un dispositivo utilizado en instalaciones el\u00e9ctricas para la conexi\u00f3n de cables y la distribuci\u00f3n de energ\u00eda el\u00e9ctrica.<\/p>\n<p>Esta regleta se caracteriza por tener 12 polos y estar dise\u00f1ada en pl\u00e1stico, lo que la hace m\u00e1s liviana y f\u00e1cil de manejar. Adem\u00e1s, su capacidad de corriente de 15A y su tama\u00f1o de 10mm la hacen adecuada para conexiones el\u00e9ctricas de mediana a baja potencia.<\/p>\n","protected":false},"excerpt":{"rendered":"<p>Es un dispositivo utilizado en instalaciones el\u00e9ctricas para la conexi\u00f3n de cables y la distribuci\u00f3n de energ\u00eda el\u00e9ctrica. Esta regleta se caracteriza por tener 12 polos y estar dise\u00f1ada en pl\u00e1stico, lo que la hace m\u00e1s liviana y f\u00e1cil de manejar. Adem\u00e1s, su capacidad de corriente de 15A y su tama\u00f1o de 10mm la hacen adecuada para conexiones el\u00e9ctricas de [&hellip;]<\/p>\n","protected":false},"featured_media":44,"comment_status":"open","ping_status":"closed","template":"","meta":{"_joinchat":[]},"product_brand":[],"product_cat":[16],"product_tag":[],"class_list":{"0":"post-45","1":"product","2":"type-product","3":"status-publish","4":"has-post-thumbnail","6":"product_cat-electricidad","8":"first","9":"instock","10":"shipping-taxable","11":"purchasable","12":"product-type-simple"},"ams_default_variation_id":0,"ams_product_points_reward":[],"ams_product_discount_percentage":0,"ams_price_to_display":600,"ams_acf":[],"jetpack_sharing_enabled":true,"_links":{"self":[{"href":"https:\/\/solucionsolar.cl\/solar\/wp-json\/wp\/v2\/product\/45","targetHints":{"allow":["GET"]}}],"collection":[{"href":"https:\/\/solucionsolar.cl\/solar\/wp-json\/wp\/v2\/product"}],"about":[{"href":"https:\/\/solucionsolar.cl\/solar\/wp-json\/wp\/v2\/types\/product"}],"replies":[{"embeddable":true,"href":"https:\/\/solucionsolar.cl\/solar\/wp-json\/wp\/v2\/comments?post=45"}],"wp:featuredmedia":[{"embeddable":true,"href":"https:\/\/solucionsolar.cl\/solar\/wp-json\/wp\/v2\/media\/44"}],"wp:attachment":[{"href":"https:\/\/solucionsolar.cl\/solar\/wp-json\/wp\/v2\/media?parent=45"}],"wp:term":[{"taxonomy":"product_brand","embeddable":true,"href":"https:\/\/solucionsolar.cl\/solar\/wp-json\/wp\/v2\/product_brand?post=45"},{"taxonomy":"product_cat","embeddable":true,"href":"https:\/\/solucionsolar.cl\/solar\/wp-json\/wp\/v2\/product_cat?post=45"},{"taxonomy":"product_tag","embeddable":true,"href":"https:\/\/solucionsolar.cl\/solar\/wp-json\/wp\/v2\/product_tag?post=45"}],"curies":[{"name":"wp","href":"https:\/\/api.w.org\/{rel}","templated":true}]}}