{"id":456,"date":"2023-05-13T22:29:54","date_gmt":"2023-05-13T22:29:54","guid":{"rendered":"https:\/\/solucionsolar.cl\/solar\/producto\/placa-1-modulo-color-plata-lexo\/"},"modified":"2023-05-13T22:29:54","modified_gmt":"2023-05-13T22:29:54","slug":"placa-1-modulo-color-plata-lexo","status":"publish","type":"product","link":"https:\/\/solucionsolar.cl\/solar\/producto\/placa-1-modulo-color-plata-lexo\/","title":{"rendered":"Placa 1 m\u00f3dulo color Plata LEXO"},"content":{"rendered":"<p>Es un elemento de la instalaci\u00f3n el\u00e9ctrica que se utiliza para alojar y cubrir un componente el\u00e9ctrico de una sola unidad de ancho, como un interruptor, un enchufe, un pulsador, entre otros. El t\u00e9rmino \u00ab1 m\u00f3dulo\u00bb se refiere al tama\u00f1o de la placa, que tiene una sola unidad de ancho seg\u00fan la normativa el\u00e9ctrica.<\/p>\n","protected":false},"excerpt":{"rendered":"<p>Es un elemento de la instalaci\u00f3n el\u00e9ctrica que se utiliza para alojar y cubrir un componente el\u00e9ctrico de una sola unidad de ancho, como un interruptor, un enchufe, un pulsador, entre otros. El t\u00e9rmino \u00ab1 m\u00f3dulo\u00bb se refiere al tama\u00f1o de la placa, que tiene una sola unidad de ancho seg\u00fan la normativa el\u00e9ctrica.<\/p>\n","protected":false},"featured_media":455,"comment_status":"open","ping_status":"closed","template":"","meta":{"_joinchat":[]},"product_brand":[],"product_cat":[16],"product_tag":[],"class_list":{"0":"post-456","1":"product","2":"type-product","3":"status-publish","4":"has-post-thumbnail","6":"product_cat-electricidad","8":"first","9":"instock","10":"shipping-taxable","11":"purchasable","12":"product-type-simple"},"ams_default_variation_id":0,"ams_product_points_reward":[],"ams_product_discount_percentage":0,"ams_price_to_display":800,"ams_acf":[],"jetpack_sharing_enabled":true,"_links":{"self":[{"href":"https:\/\/solucionsolar.cl\/solar\/wp-json\/wp\/v2\/product\/456","targetHints":{"allow":["GET"]}}],"collection":[{"href":"https:\/\/solucionsolar.cl\/solar\/wp-json\/wp\/v2\/product"}],"about":[{"href":"https:\/\/solucionsolar.cl\/solar\/wp-json\/wp\/v2\/types\/product"}],"replies":[{"embeddable":true,"href":"https:\/\/solucionsolar.cl\/solar\/wp-json\/wp\/v2\/comments?post=456"}],"wp:featuredmedia":[{"embeddable":true,"href":"https:\/\/solucionsolar.cl\/solar\/wp-json\/wp\/v2\/media\/455"}],"wp:attachment":[{"href":"https:\/\/solucionsolar.cl\/solar\/wp-json\/wp\/v2\/media?parent=456"}],"wp:term":[{"taxonomy":"product_brand","embeddable":true,"href":"https:\/\/solucionsolar.cl\/solar\/wp-json\/wp\/v2\/product_brand?post=456"},{"taxonomy":"product_cat","embeddable":true,"href":"https:\/\/solucionsolar.cl\/solar\/wp-json\/wp\/v2\/product_cat?post=456"},{"taxonomy":"product_tag","embeddable":true,"href":"https:\/\/solucionsolar.cl\/solar\/wp-json\/wp\/v2\/product_tag?post=456"}],"curies":[{"name":"wp","href":"https:\/\/api.w.org\/{rel}","templated":true}]}}