{"id":488,"date":"2023-05-13T22:30:42","date_gmt":"2023-05-13T22:30:42","guid":{"rendered":"https:\/\/solucionsolar.cl\/solar\/producto\/selector-3-posiciones-1no-1nc-22mm-lexo\/"},"modified":"2023-05-13T22:30:42","modified_gmt":"2023-05-13T22:30:42","slug":"selector-3-posiciones-1no-1nc-22mm-lexo","status":"publish","type":"product","link":"https:\/\/solucionsolar.cl\/solar\/producto\/selector-3-posiciones-1no-1nc-22mm-lexo\/","title":{"rendered":"Selector 3 posiciones 1NO + 1NC 22mm LEXO"},"content":{"rendered":"<p>Es un componente utilizado en sistemas de control el\u00e9ctrico para seleccionar y cambiar entre diferentes opciones o modos de operaci\u00f3n. Este selector cuenta con tres posiciones y dos contactos el\u00e9ctricos: uno normalmente abierto (NO) y otro normalmente cerrado (NC), que permiten la conexi\u00f3n y desconexi\u00f3n de circuitos el\u00e9ctricos seg\u00fan la posici\u00f3n del selector.<\/p>\n","protected":false},"excerpt":{"rendered":"<p>Es un componente utilizado en sistemas de control el\u00e9ctrico para seleccionar y cambiar entre diferentes opciones o modos de operaci\u00f3n. Este selector cuenta con tres posiciones y dos contactos el\u00e9ctricos: uno normalmente abierto (NO) y otro normalmente cerrado (NC), que permiten la conexi\u00f3n y desconexi\u00f3n de circuitos el\u00e9ctricos seg\u00fan la posici\u00f3n del selector.<\/p>\n","protected":false},"featured_media":487,"comment_status":"open","ping_status":"closed","template":"","meta":{"_joinchat":[]},"product_brand":[],"product_cat":[16],"product_tag":[],"class_list":{"0":"post-488","1":"product","2":"type-product","3":"status-publish","4":"has-post-thumbnail","6":"product_cat-electricidad","8":"first","9":"instock","10":"shipping-taxable","11":"purchasable","12":"product-type-simple"},"ams_default_variation_id":0,"ams_product_points_reward":[],"ams_product_discount_percentage":0,"ams_price_to_display":2500,"ams_acf":[],"jetpack_sharing_enabled":true,"_links":{"self":[{"href":"https:\/\/solucionsolar.cl\/solar\/wp-json\/wp\/v2\/product\/488","targetHints":{"allow":["GET"]}}],"collection":[{"href":"https:\/\/solucionsolar.cl\/solar\/wp-json\/wp\/v2\/product"}],"about":[{"href":"https:\/\/solucionsolar.cl\/solar\/wp-json\/wp\/v2\/types\/product"}],"replies":[{"embeddable":true,"href":"https:\/\/solucionsolar.cl\/solar\/wp-json\/wp\/v2\/comments?post=488"}],"wp:featuredmedia":[{"embeddable":true,"href":"https:\/\/solucionsolar.cl\/solar\/wp-json\/wp\/v2\/media\/487"}],"wp:attachment":[{"href":"https:\/\/solucionsolar.cl\/solar\/wp-json\/wp\/v2\/media?parent=488"}],"wp:term":[{"taxonomy":"product_brand","embeddable":true,"href":"https:\/\/solucionsolar.cl\/solar\/wp-json\/wp\/v2\/product_brand?post=488"},{"taxonomy":"product_cat","embeddable":true,"href":"https:\/\/solucionsolar.cl\/solar\/wp-json\/wp\/v2\/product_cat?post=488"},{"taxonomy":"product_tag","embeddable":true,"href":"https:\/\/solucionsolar.cl\/solar\/wp-json\/wp\/v2\/product_tag?post=488"}],"curies":[{"name":"wp","href":"https:\/\/api.w.org\/{rel}","templated":true}]}}