{"id":494,"date":"2023-05-13T22:30:52","date_gmt":"2023-05-13T22:30:52","guid":{"rendered":"https:\/\/solucionsolar.cl\/solar\/producto\/fusible-10x38-lexo-4a-6a-10a-16a-20a-25a-32a\/"},"modified":"2023-05-13T22:30:52","modified_gmt":"2023-05-13T22:30:52","slug":"fusible-10x38-lexo-4a-6a-10a-16a-20a-25a-32a","status":"publish","type":"product","link":"https:\/\/solucionsolar.cl\/solar\/producto\/fusible-10x38-lexo-4a-6a-10a-16a-20a-25a-32a\/","title":{"rendered":"Fusible 10&#215;38 LEXO: 4A, 6A, 10A, 16A, 20A, 25A, 32A"},"content":{"rendered":"<p>Es un componente utilizado en sistemas el\u00e9ctricos para proteger los circuitos el\u00e9ctricos y los dispositivos contra sobrecargas el\u00e9ctricas y cortocircuitos. Este tipo de fusible tiene un tama\u00f1o de 10x38mm y est\u00e1 disponible en diferentes amperajes: 4A, 6A, 10A, 16A, 20A, 25A y 32A.<\/p>\n","protected":false},"excerpt":{"rendered":"<p>Es un componente utilizado en sistemas el\u00e9ctricos para proteger los circuitos el\u00e9ctricos y los dispositivos contra sobrecargas el\u00e9ctricas y cortocircuitos. Este tipo de fusible tiene un tama\u00f1o de 10x38mm y est\u00e1 disponible en diferentes amperajes: 4A, 6A, 10A, 16A, 20A, 25A y 32A.<\/p>\n","protected":false},"featured_media":493,"comment_status":"open","ping_status":"closed","template":"","meta":{"_joinchat":[]},"product_brand":[],"product_cat":[16],"product_tag":[],"class_list":{"0":"post-494","1":"product","2":"type-product","3":"status-publish","4":"has-post-thumbnail","6":"product_cat-electricidad","8":"first","9":"instock","10":"shipping-taxable","11":"purchasable","12":"product-type-simple"},"ams_default_variation_id":0,"ams_product_points_reward":[],"ams_product_discount_percentage":0,"ams_price_to_display":300,"ams_acf":[],"jetpack_sharing_enabled":true,"_links":{"self":[{"href":"https:\/\/solucionsolar.cl\/solar\/wp-json\/wp\/v2\/product\/494","targetHints":{"allow":["GET"]}}],"collection":[{"href":"https:\/\/solucionsolar.cl\/solar\/wp-json\/wp\/v2\/product"}],"about":[{"href":"https:\/\/solucionsolar.cl\/solar\/wp-json\/wp\/v2\/types\/product"}],"replies":[{"embeddable":true,"href":"https:\/\/solucionsolar.cl\/solar\/wp-json\/wp\/v2\/comments?post=494"}],"wp:featuredmedia":[{"embeddable":true,"href":"https:\/\/solucionsolar.cl\/solar\/wp-json\/wp\/v2\/media\/493"}],"wp:attachment":[{"href":"https:\/\/solucionsolar.cl\/solar\/wp-json\/wp\/v2\/media?parent=494"}],"wp:term":[{"taxonomy":"product_brand","embeddable":true,"href":"https:\/\/solucionsolar.cl\/solar\/wp-json\/wp\/v2\/product_brand?post=494"},{"taxonomy":"product_cat","embeddable":true,"href":"https:\/\/solucionsolar.cl\/solar\/wp-json\/wp\/v2\/product_cat?post=494"},{"taxonomy":"product_tag","embeddable":true,"href":"https:\/\/solucionsolar.cl\/solar\/wp-json\/wp\/v2\/product_tag?post=494"}],"curies":[{"name":"wp","href":"https:\/\/api.w.org\/{rel}","templated":true}]}}