{"id":51,"date":"2023-05-13T22:20:22","date_gmt":"2023-05-13T22:20:22","guid":{"rendered":"https:\/\/solucionsolar.cl\/solar\/producto\/cable-thhn-8awg-colores-100mt\/"},"modified":"2023-05-13T22:20:22","modified_gmt":"2023-05-13T22:20:22","slug":"cable-thhn-8awg-colores-100mt","status":"publish","type":"product","link":"https:\/\/solucionsolar.cl\/solar\/producto\/cable-thhn-8awg-colores-100mt\/","title":{"rendered":"Cable THHN 8AWG Colores (100mt)"},"content":{"rendered":"<p>Es un tipo de cable utilizado en instalaciones el\u00e9ctricas para la transmisi\u00f3n de energ\u00eda el\u00e9ctrica y la conexi\u00f3n de dispositivos el\u00e9ctricos.<\/p>\n<p>Este cable se caracteriza por tener un di\u00e1metro nominal de 8AWG y estar fabricado con conductores de cobre recocido y aislamiento de PVC termopl\u00e1stico de alta resistencia. Adem\u00e1s, su recubrimiento en colores permite una f\u00e1cil identificaci\u00f3n de los circuitos el\u00e9ctricos y ayuda en la organizaci\u00f3n de las instalaciones.<\/p>\n","protected":false},"excerpt":{"rendered":"<p>Es un tipo de cable utilizado en instalaciones el\u00e9ctricas para la transmisi\u00f3n de energ\u00eda el\u00e9ctrica y la conexi\u00f3n de dispositivos el\u00e9ctricos. Este cable se caracteriza por tener un di\u00e1metro nominal de 8AWG y estar fabricado con conductores de cobre recocido y aislamiento de PVC termopl\u00e1stico de alta resistencia. Adem\u00e1s, su recubrimiento en colores permite una f\u00e1cil identificaci\u00f3n de los circuitos [&hellip;]<\/p>\n","protected":false},"featured_media":50,"comment_status":"open","ping_status":"closed","template":"","meta":{"_joinchat":[]},"product_brand":[],"product_cat":[18,16],"product_tag":[],"class_list":{"0":"post-51","1":"product","2":"type-product","3":"status-publish","4":"has-post-thumbnail","6":"product_cat-cables","7":"product_cat-electricidad","9":"first","10":"instock","11":"shipping-taxable","12":"purchasable","13":"product-type-simple"},"ams_default_variation_id":0,"ams_product_points_reward":[],"ams_product_discount_percentage":0,"ams_price_to_display":130000,"ams_acf":[],"jetpack_sharing_enabled":true,"_links":{"self":[{"href":"https:\/\/solucionsolar.cl\/solar\/wp-json\/wp\/v2\/product\/51","targetHints":{"allow":["GET"]}}],"collection":[{"href":"https:\/\/solucionsolar.cl\/solar\/wp-json\/wp\/v2\/product"}],"about":[{"href":"https:\/\/solucionsolar.cl\/solar\/wp-json\/wp\/v2\/types\/product"}],"replies":[{"embeddable":true,"href":"https:\/\/solucionsolar.cl\/solar\/wp-json\/wp\/v2\/comments?post=51"}],"wp:featuredmedia":[{"embeddable":true,"href":"https:\/\/solucionsolar.cl\/solar\/wp-json\/wp\/v2\/media\/50"}],"wp:attachment":[{"href":"https:\/\/solucionsolar.cl\/solar\/wp-json\/wp\/v2\/media?parent=51"}],"wp:term":[{"taxonomy":"product_brand","embeddable":true,"href":"https:\/\/solucionsolar.cl\/solar\/wp-json\/wp\/v2\/product_brand?post=51"},{"taxonomy":"product_cat","embeddable":true,"href":"https:\/\/solucionsolar.cl\/solar\/wp-json\/wp\/v2\/product_cat?post=51"},{"taxonomy":"product_tag","embeddable":true,"href":"https:\/\/solucionsolar.cl\/solar\/wp-json\/wp\/v2\/product_tag?post=51"}],"curies":[{"name":"wp","href":"https:\/\/api.w.org\/{rel}","templated":true}]}}