{"id":520,"date":"2023-05-13T22:31:37","date_gmt":"2023-05-13T22:31:37","guid":{"rendered":"https:\/\/solucionsolar.cl\/solar\/producto\/modulo-coaxial-toma-tv-blanco-lexo\/"},"modified":"2023-05-13T22:31:37","modified_gmt":"2023-05-13T22:31:37","slug":"modulo-coaxial-toma-tv-blanco-lexo","status":"publish","type":"product","link":"https:\/\/solucionsolar.cl\/solar\/producto\/modulo-coaxial-toma-tv-blanco-lexo\/","title":{"rendered":"M\u00f3dulo coaxial toma TV Blanco LEXO"},"content":{"rendered":"<p>Es un componente utilizado en instalaciones el\u00e9ctricas y de telecomunicaciones para la conexi\u00f3n de se\u00f1ales de televisi\u00f3n. Este m\u00f3dulo est\u00e1 dise\u00f1ado para ser instalado en una caja de conexi\u00f3n el\u00e9ctrica est\u00e1ndar, y proporciona una conexi\u00f3n segura y confiable para la se\u00f1al de televisi\u00f3n a trav\u00e9s de un cable coaxial.<\/p>\n","protected":false},"excerpt":{"rendered":"<p>Es un componente utilizado en instalaciones el\u00e9ctricas y de telecomunicaciones para la conexi\u00f3n de se\u00f1ales de televisi\u00f3n. Este m\u00f3dulo est\u00e1 dise\u00f1ado para ser instalado en una caja de conexi\u00f3n el\u00e9ctrica est\u00e1ndar, y proporciona una conexi\u00f3n segura y confiable para la se\u00f1al de televisi\u00f3n a trav\u00e9s de un cable coaxial.<\/p>\n","protected":false},"featured_media":519,"comment_status":"open","ping_status":"closed","template":"","meta":{"_joinchat":[]},"product_brand":[],"product_cat":[16],"product_tag":[],"class_list":{"0":"post-520","1":"product","2":"type-product","3":"status-publish","4":"has-post-thumbnail","6":"product_cat-electricidad","8":"first","9":"instock","10":"shipping-taxable","11":"purchasable","12":"product-type-simple"},"ams_default_variation_id":0,"ams_product_points_reward":[],"ams_product_discount_percentage":0,"ams_price_to_display":1200,"ams_acf":[],"jetpack_sharing_enabled":true,"_links":{"self":[{"href":"https:\/\/solucionsolar.cl\/solar\/wp-json\/wp\/v2\/product\/520","targetHints":{"allow":["GET"]}}],"collection":[{"href":"https:\/\/solucionsolar.cl\/solar\/wp-json\/wp\/v2\/product"}],"about":[{"href":"https:\/\/solucionsolar.cl\/solar\/wp-json\/wp\/v2\/types\/product"}],"replies":[{"embeddable":true,"href":"https:\/\/solucionsolar.cl\/solar\/wp-json\/wp\/v2\/comments?post=520"}],"wp:featuredmedia":[{"embeddable":true,"href":"https:\/\/solucionsolar.cl\/solar\/wp-json\/wp\/v2\/media\/519"}],"wp:attachment":[{"href":"https:\/\/solucionsolar.cl\/solar\/wp-json\/wp\/v2\/media?parent=520"}],"wp:term":[{"taxonomy":"product_brand","embeddable":true,"href":"https:\/\/solucionsolar.cl\/solar\/wp-json\/wp\/v2\/product_brand?post=520"},{"taxonomy":"product_cat","embeddable":true,"href":"https:\/\/solucionsolar.cl\/solar\/wp-json\/wp\/v2\/product_cat?post=520"},{"taxonomy":"product_tag","embeddable":true,"href":"https:\/\/solucionsolar.cl\/solar\/wp-json\/wp\/v2\/product_tag?post=520"}],"curies":[{"name":"wp","href":"https:\/\/api.w.org\/{rel}","templated":true}]}}