{"id":607,"date":"2023-05-13T22:33:33","date_gmt":"2023-05-13T22:33:33","guid":{"rendered":"https:\/\/solucionsolar.cl\/solar\/producto\/int-diferencial-2x25a-30ma-lexo\/"},"modified":"2023-05-13T22:33:33","modified_gmt":"2023-05-13T22:33:33","slug":"int-diferencial-2x25a-30ma-lexo","status":"publish","type":"product","link":"https:\/\/solucionsolar.cl\/solar\/producto\/int-diferencial-2x25a-30ma-lexo\/","title":{"rendered":"Int Diferencial 2x25A 30MA LEXO"},"content":{"rendered":"<p>Interruptor Diferencial dise\u00f1ados para la protecci\u00f3n de las personas frente a un contacto directo o indirecto con un elemento energizado. Clase AC. Detecci\u00f3n de corrientes de fuga alternas (Uso est\u00e1ndar). Fabricado en pl\u00e1stico de alto impacto IP20. Con bornes de conexi\u00f3n en hierro galvanizado para conductores hasta 25 mm2. Norma de aprobaci\u00f3n IEC 61008-1 \/ 61008 2-1 Cuenta con certificaci\u00f3n nacional INGCER<\/p>\n","protected":false},"excerpt":{"rendered":"<p>Interruptor Diferencial dise\u00f1ados para la protecci\u00f3n de las personas frente a un contacto directo o indirecto con un elemento energizado. Clase AC. Detecci\u00f3n de corrientes de fuga alternas (Uso est\u00e1ndar). Fabricado en pl\u00e1stico de alto impacto IP20. Con bornes de conexi\u00f3n en hierro galvanizado para conductores hasta 25 mm2. Norma de aprobaci\u00f3n IEC 61008-1 \/ 61008 2-1 Cuenta con certificaci\u00f3n [&hellip;]<\/p>\n","protected":false},"featured_media":606,"comment_status":"open","ping_status":"closed","template":"","meta":{"_joinchat":[]},"product_brand":[],"product_cat":[16],"product_tag":[],"class_list":{"0":"post-607","1":"product","2":"type-product","3":"status-publish","4":"has-post-thumbnail","6":"product_cat-electricidad","8":"first","9":"instock","10":"shipping-taxable","11":"purchasable","12":"product-type-simple"},"ams_default_variation_id":0,"ams_product_points_reward":[],"ams_product_discount_percentage":0,"ams_price_to_display":9500,"ams_acf":[],"jetpack_sharing_enabled":true,"_links":{"self":[{"href":"https:\/\/solucionsolar.cl\/solar\/wp-json\/wp\/v2\/product\/607","targetHints":{"allow":["GET"]}}],"collection":[{"href":"https:\/\/solucionsolar.cl\/solar\/wp-json\/wp\/v2\/product"}],"about":[{"href":"https:\/\/solucionsolar.cl\/solar\/wp-json\/wp\/v2\/types\/product"}],"replies":[{"embeddable":true,"href":"https:\/\/solucionsolar.cl\/solar\/wp-json\/wp\/v2\/comments?post=607"}],"wp:featuredmedia":[{"embeddable":true,"href":"https:\/\/solucionsolar.cl\/solar\/wp-json\/wp\/v2\/media\/606"}],"wp:attachment":[{"href":"https:\/\/solucionsolar.cl\/solar\/wp-json\/wp\/v2\/media?parent=607"}],"wp:term":[{"taxonomy":"product_brand","embeddable":true,"href":"https:\/\/solucionsolar.cl\/solar\/wp-json\/wp\/v2\/product_brand?post=607"},{"taxonomy":"product_cat","embeddable":true,"href":"https:\/\/solucionsolar.cl\/solar\/wp-json\/wp\/v2\/product_cat?post=607"},{"taxonomy":"product_tag","embeddable":true,"href":"https:\/\/solucionsolar.cl\/solar\/wp-json\/wp\/v2\/product_tag?post=607"}],"curies":[{"name":"wp","href":"https:\/\/api.w.org\/{rel}","templated":true}]}}