{"id":61,"date":"2023-05-13T22:20:36","date_gmt":"2023-05-13T22:20:36","guid":{"rendered":"https:\/\/solucionsolar.cl\/solar\/producto\/conduit-pvc-40mm-x-3mt\/"},"modified":"2023-05-13T22:20:36","modified_gmt":"2023-05-13T22:20:36","slug":"conduit-pvc-40mm-x-3mt","status":"publish","type":"product","link":"https:\/\/solucionsolar.cl\/solar\/producto\/conduit-pvc-40mm-x-3mt\/","title":{"rendered":"Conduit pvc 40mm x 3mt"},"content":{"rendered":"<p>Es un tipo de tuber\u00eda r\u00edgida utilizada en instalaciones el\u00e9ctricas para la protecci\u00f3n y canalizaci\u00f3n de cables el\u00e9ctricos.<\/p>\n<p>Este conduit se caracteriza por estar fabricado con PVC (policloruro de vinilo), lo que le brinda una alta resistencia al impacto y a los rayos UV, lo que lo hace adecuado para instalaciones en interiores y exteriores. Adem\u00e1s, su di\u00e1metro de 40mm permite la conducci\u00f3n de varios cables el\u00e9ctricos en su interior.<\/p>\n","protected":false},"excerpt":{"rendered":"<p>Es un tipo de tuber\u00eda r\u00edgida utilizada en instalaciones el\u00e9ctricas para la protecci\u00f3n y canalizaci\u00f3n de cables el\u00e9ctricos. Este conduit se caracteriza por estar fabricado con PVC (policloruro de vinilo), lo que le brinda una alta resistencia al impacto y a los rayos UV, lo que lo hace adecuado para instalaciones en interiores y exteriores. Adem\u00e1s, su di\u00e1metro de 40mm [&hellip;]<\/p>\n","protected":false},"featured_media":60,"comment_status":"open","ping_status":"closed","template":"","meta":{"_joinchat":[]},"product_brand":[],"product_cat":[22,16],"product_tag":[],"class_list":{"0":"post-61","1":"product","2":"type-product","3":"status-publish","4":"has-post-thumbnail","6":"product_cat-conduit-pvc","7":"product_cat-electricidad","9":"first","10":"instock","11":"shipping-taxable","12":"purchasable","13":"product-type-simple"},"ams_default_variation_id":0,"ams_product_points_reward":[],"ams_product_discount_percentage":0,"ams_price_to_display":3500,"ams_acf":[],"jetpack_sharing_enabled":true,"_links":{"self":[{"href":"https:\/\/solucionsolar.cl\/solar\/wp-json\/wp\/v2\/product\/61","targetHints":{"allow":["GET"]}}],"collection":[{"href":"https:\/\/solucionsolar.cl\/solar\/wp-json\/wp\/v2\/product"}],"about":[{"href":"https:\/\/solucionsolar.cl\/solar\/wp-json\/wp\/v2\/types\/product"}],"replies":[{"embeddable":true,"href":"https:\/\/solucionsolar.cl\/solar\/wp-json\/wp\/v2\/comments?post=61"}],"wp:featuredmedia":[{"embeddable":true,"href":"https:\/\/solucionsolar.cl\/solar\/wp-json\/wp\/v2\/media\/60"}],"wp:attachment":[{"href":"https:\/\/solucionsolar.cl\/solar\/wp-json\/wp\/v2\/media?parent=61"}],"wp:term":[{"taxonomy":"product_brand","embeddable":true,"href":"https:\/\/solucionsolar.cl\/solar\/wp-json\/wp\/v2\/product_brand?post=61"},{"taxonomy":"product_cat","embeddable":true,"href":"https:\/\/solucionsolar.cl\/solar\/wp-json\/wp\/v2\/product_cat?post=61"},{"taxonomy":"product_tag","embeddable":true,"href":"https:\/\/solucionsolar.cl\/solar\/wp-json\/wp\/v2\/product_tag?post=61"}],"curies":[{"name":"wp","href":"https:\/\/api.w.org\/{rel}","templated":true}]}}