{"id":635,"date":"2023-05-13T22:34:36","date_gmt":"2023-05-13T22:34:36","guid":{"rendered":"https:\/\/solucionsolar.cl\/solar\/producto\/toma-corriente-doble-10a-blanco-lexo-nuevo\/"},"modified":"2023-05-13T22:34:36","modified_gmt":"2023-05-13T22:34:36","slug":"toma-corriente-doble-10a-blanco-lexo-nuevo","status":"publish","type":"product","link":"https:\/\/solucionsolar.cl\/solar\/producto\/toma-corriente-doble-10a-blanco-lexo-nuevo\/","title":{"rendered":"Toma corriente Doble 10A Blanco LEXO NUEVO"},"content":{"rendered":"<p>El toma corriente doble 10A Blanco LEXO NUEVO es un dispositivo el\u00e9ctrico de pared que permite conectar dos dispositivos el\u00e9ctricos simult\u00e1neamente con una capacidad m\u00e1xima de 10 amperios.<\/p>\n","protected":false},"excerpt":{"rendered":"<p>El toma corriente doble 10A Blanco LEXO NUEVO es un dispositivo el\u00e9ctrico de pared que permite conectar dos dispositivos el\u00e9ctricos simult\u00e1neamente con una capacidad m\u00e1xima de 10 amperios.<\/p>\n","protected":false},"featured_media":634,"comment_status":"open","ping_status":"closed","template":"","meta":{"_joinchat":[]},"product_brand":[],"product_cat":[16],"product_tag":[],"class_list":{"0":"post-635","1":"product","2":"type-product","3":"status-publish","4":"has-post-thumbnail","6":"product_cat-electricidad","8":"first","9":"instock","10":"shipping-taxable","11":"purchasable","12":"product-type-simple"},"ams_default_variation_id":0,"ams_product_points_reward":[],"ams_product_discount_percentage":0,"ams_price_to_display":2500,"ams_acf":[],"jetpack_sharing_enabled":true,"_links":{"self":[{"href":"https:\/\/solucionsolar.cl\/solar\/wp-json\/wp\/v2\/product\/635","targetHints":{"allow":["GET"]}}],"collection":[{"href":"https:\/\/solucionsolar.cl\/solar\/wp-json\/wp\/v2\/product"}],"about":[{"href":"https:\/\/solucionsolar.cl\/solar\/wp-json\/wp\/v2\/types\/product"}],"replies":[{"embeddable":true,"href":"https:\/\/solucionsolar.cl\/solar\/wp-json\/wp\/v2\/comments?post=635"}],"wp:featuredmedia":[{"embeddable":true,"href":"https:\/\/solucionsolar.cl\/solar\/wp-json\/wp\/v2\/media\/634"}],"wp:attachment":[{"href":"https:\/\/solucionsolar.cl\/solar\/wp-json\/wp\/v2\/media?parent=635"}],"wp:term":[{"taxonomy":"product_brand","embeddable":true,"href":"https:\/\/solucionsolar.cl\/solar\/wp-json\/wp\/v2\/product_brand?post=635"},{"taxonomy":"product_cat","embeddable":true,"href":"https:\/\/solucionsolar.cl\/solar\/wp-json\/wp\/v2\/product_cat?post=635"},{"taxonomy":"product_tag","embeddable":true,"href":"https:\/\/solucionsolar.cl\/solar\/wp-json\/wp\/v2\/product_tag?post=635"}],"curies":[{"name":"wp","href":"https:\/\/api.w.org\/{rel}","templated":true}]}}